{"id":7669,"date":"2026-04-16T07:54:54","date_gmt":"2026-04-16T10:54:54","guid":{"rendered":"https:\/\/istlyr-caba.infd.edu.ar\/sitio\/?page_id=7669"},"modified":"2026-04-20T11:01:36","modified_gmt":"2026-04-20T14:01:36","slug":"elecciones-equipo-directivo-2026-2030","status":"publish","type":"page","link":"https:\/\/istlyr-caba.infd.edu.ar\/sitio\/elecciones-equipo-directivo-2026-2030\/","title":{"rendered":"Elecciones Equipo Directivo 2026-2030"},"content":{"rendered":"\n<p><strong>Te contamos de qu\u00e9 se trata&nbsp;<\/strong><\/p>\n\n\n\n<p>El pr\u00f3ximo mi\u00e9rcoles <strong>10 de junio de 19 a 22<\/strong> <strong>h<\/strong> se celebrar\u00e1n elecciones en nuestro Instituto. <br>Votaremos <strong>Equipo Directivo<\/strong>. Esta elecci\u00f3n convoca a toda la comunidad (docentes, estudiantes, no docentes y graduades).&nbsp;<\/p>\n\n\n\n<p>El voto es individual, secreto y obligatorio para estudiantes, docentes y no docentes. \u00a1Invitamos a todes nuestres graduades a acercarse a votar ese d\u00eda tambi\u00e9n!&nbsp;<\/p>\n\n\n\n<div style=\"height:15px\" aria-hidden=\"true\" class=\"wp-block-spacer\"><\/div>\n\n\n\n<h2 class=\"wp-block-heading\"><strong>Cronograma electoral<\/strong><\/h2>\n\n\n\n<p><span style=\"color: #999999;\"><b>9\/04:<\/b> El CD aprueba el Cronograma Electoral.<br><strong>10\/04:<\/strong> Cierre de padrones en Secretar\u00eda.<br><strong>13\/04:<\/strong> Remisi\u00f3n de padrones para la Junta Electoral.<br><strong>14\/04 y 15\/04<\/strong>: Verificaci\u00f3n de los padrones provisorios por la Junta Electoral.<br><\/span><span style=\"color: #000000;\"><strong>16\/04 al 21\/04:<\/strong> Exhibici\u00f3n de los padrones provisorios. Presentaci\u00f3n de impugnaciones y pedidos de inclusi\u00f3n.<br><strong>22\/04 al 24\/04:<\/strong> Resoluci\u00f3n de impugnaciones.<br><strong>27\/04:<\/strong> Aprobaci\u00f3n de padrones definitivos.<br><strong>28\/04 al 30\/04:<\/strong> Exhibici\u00f3n de padrones definitivos.<br><strong>4\/05 al 6\/05:<\/strong> Presentaci\u00f3n de lista\/s a la Junta.<br><strong>7\/05 al 11\/05:<\/strong> An\u00e1lisis de la\/s lista\/s por parte de la Junta Electoral.<br><strong>12\/05: <\/strong>Exhibici\u00f3n de la\/s lista\/s.&nbsp;<br><strong>13\/05 al 15\/05:<\/strong> Presentaci\u00f3n de impugnaciones y observaciones a la\/s lista\/s.<br><strong>18\/05 al 21\/05:<\/strong> Resoluci\u00f3n de impugnaciones.<br><strong>22\/05: <\/strong>Oficializaci\u00f3n de la\/s lista\/s.<br><strong>26\/05 al 4\/06: <\/strong>Presentaci\u00f3n de la\/s lista\/s a la comunidad educativa. Campa\u00f1a electoral.<br><strong>1\/06 al 4\/06:<\/strong> Designaci\u00f3n de las autoridades de mesa.<br><strong>5\/06:<\/strong> Cierre de propaganda electoral.<br><strong>8\/06 y 9\/06:<\/strong> Veda electoral.<\/span><span style=\"color: #Af1C53;\"><br><strong>10\/06:<\/strong> Acto eleccionario \u2013 escrutinio provisorio.<\/span><span style=\"color: #000000;\"><br><strong>11\/06: <\/strong>Escrutinio definitivo.<br><strong>12\/06: <\/strong>Elevaci\u00f3n a la DFTS.<\/span><\/p>\n\n\n\n<div style=\"height:15px\" aria-hidden=\"true\" class=\"wp-block-spacer\"><\/div>\n\n\n\n<p><strong>\u00bfQui\u00e9nes pueden votar seg\u00fan nuestro Reglamento Org\u00e1nico?<\/strong><\/p>\n\n\n\n<p>\u2013<strong>Docentes titulares, interines y suplentes,<\/strong> incluyendo les que se encuentran en uso de licencia, que cuenten con una antig\u00fcedad m\u00ednima de un (1) a\u00f1o en el Instituto a la fecha de cierre de los padrones.<\/p>\n\n\n\n<p>&#8211;<strong> Estudiantes regulares del Instituto que hayan aprobado en el \u00faltimo a\u00f1o por lo menos una materia del Plan de Estudios. <\/strong>Cada cursante del Instituto, s\u00f3lo podr\u00e1 figurar una (1) vez en el padr\u00f3n.<\/p>\n\n\n\n<p><strong>&#8211; Graduades:<\/strong> el padr\u00f3n se confecciona durante el acto eleccionario, habilitando a les egresades del ISTLyR a la emisi\u00f3n de su sufragio con la \u00fanica condici\u00f3n de presentar su documento de identidad (DNI, LC, LE, o CI) concordante con su Certificado de Estudios original o Copia autenticada por autoridad competente.<\/p>\n\n\n\n<div style=\"height:15px\" aria-hidden=\"true\" class=\"wp-block-spacer\"><\/div>\n\n\n\n<p><strong>Si ten\u00e9s alguna duda, comunicate con la Junta Electoral:<\/strong> <a href=\"mailto:istlyjuntaelectoral@gmail.com\" target=\"_blank\" rel=\"noreferrer noopener\">istlyjuntaelectoral@gmail.com<\/a>\u00a0<br>Para ver los <strong>padrones provisorios<\/strong> hac\u00e9 <a rel=\"noreferrer noopener\" href=\"https:\/\/istlyr-caba.infd.edu.ar\/sitio\/wp-content\/uploads\/2026\/04\/PADRONES-GENERALES-ELECCIONES-ED-2026-1.pdf\" target=\"_blank\">clic ac\u00e1<\/a><\/p>\n","protected":false},"excerpt":{"rendered":"<p>Te contamos de qu\u00e9 se trata&nbsp; El pr\u00f3ximo mi\u00e9rcoles 10 de junio de 19 a 22 h se celebrar\u00e1n elecciones en nuestro Instituto. Votaremos Equipo Directivo. Esta elecci\u00f3n convoca a toda la comunidad (docentes, estudiantes, no docentes y graduades).&nbsp; El voto es individual, secreto y obligatorio para estudiantes, docentes y no docentes. \u00a1Invitamos a todes &#8230; <a title=\"Elecciones Equipo Directivo 2026-2030\" class=\"read-more\" href=\"https:\/\/istlyr-caba.infd.edu.ar\/sitio\/elecciones-equipo-directivo-2026-2030\/\" aria-label=\"More on Elecciones Equipo Directivo 2026-2030\">[+]<\/a><\/p>\n","protected":false},"author":766,"featured_media":0,"parent":0,"menu_order":0,"comment_status":"closed","ping_status":"closed","template":"","meta":[],"acf":[],"_links":{"self":[{"href":"https:\/\/istlyr-caba.infd.edu.ar\/sitio\/wp-json\/wp\/v2\/pages\/7669"}],"collection":[{"href":"https:\/\/istlyr-caba.infd.edu.ar\/sitio\/wp-json\/wp\/v2\/pages"}],"about":[{"href":"https:\/\/istlyr-caba.infd.edu.ar\/sitio\/wp-json\/wp\/v2\/types\/page"}],"author":[{"embeddable":true,"href":"https:\/\/istlyr-caba.infd.edu.ar\/sitio\/wp-json\/wp\/v2\/users\/766"}],"replies":[{"embeddable":true,"href":"https:\/\/istlyr-caba.infd.edu.ar\/sitio\/wp-json\/wp\/v2\/comments?post=7669"}],"version-history":[{"count":11,"href":"https:\/\/istlyr-caba.infd.edu.ar\/sitio\/wp-json\/wp\/v2\/pages\/7669\/revisions"}],"predecessor-version":[{"id":7702,"href":"https:\/\/istlyr-caba.infd.edu.ar\/sitio\/wp-json\/wp\/v2\/pages\/7669\/revisions\/7702"}],"wp:attachment":[{"href":"https:\/\/istlyr-caba.infd.edu.ar\/sitio\/wp-json\/wp\/v2\/media?parent=7669"}],"curies":[{"name":"wp","href":"https:\/\/api.w.org\/{rel}","templated":true}]}}