{"id":7286,"date":"2025-09-15T22:00:46","date_gmt":"2025-09-16T01:00:46","guid":{"rendered":"https:\/\/istlyr-caba.infd.edu.ar\/sitio\/?page_id=7286"},"modified":"2025-10-30T20:46:25","modified_gmt":"2025-10-30T23:46:25","slug":"cronograma-electoral-regencia-2025","status":"publish","type":"page","link":"https:\/\/istlyr-caba.infd.edu.ar\/sitio\/cronograma-electoral-regencia-2025\/","title":{"rendered":"Elecciones Regencia 2025"},"content":{"rendered":"\n<p><\/p>\n\n\n\n<p><strong>Oficializaci\u00f3n de candidatura para el cargo de Regencia<\/strong><\/p>\n\n\n\n<p>Tal como establece el calendario electoral se ha oficializado la candidatura para el cargo de Regencia, cuya elecci\u00f3n se llevar\u00e1 a cabo el pr\u00f3ximo 23 de octubre.<\/p>\n\n\n\n<p><strong>Candidatura presentada:<\/strong><\/p>\n\n\n\n<p>\u00b7 Leonardo Pereyra, profesor de TLyR<\/p>\n\n\n\n<p>La postulaci\u00f3n fue presentada con sus antecedentes y avales en tiempo y forma ante la Junta Electoral.<\/p>\n\n\n\n<p><em>Cabe informar que la docente Mar\u00eda Florencia Soto, quien oportunamente hab\u00eda presentado su postulaci\u00f3n, ha renunciado a su candidatura correspondiente a esta etapa del proceso electoral.<\/em><\/p>\n\n\n\n<p>Les recordamos <strong>qui\u00e9nes pueden votar<\/strong> para la REGENCIA, seg\u00fan nuestro Reglamento Org\u00e1nico:<\/p>\n\n\n\n<p>#<strong>Docentes titulares, interines y suplentes<\/strong>, incluyendo a les que se encuentran en uso de licencia, que cuenten con una antig\u00fcedad m\u00ednima de un (1) a\u00f1o en el Instituto, a la fecha de cierre de los padrones.<\/p>\n\n\n\n<p>#<strong>Estudiantes regulares del Instituto<\/strong> que hayan aprobado en el \u00faltimo a\u00f1o por lo menos una materia del Plan de Estudios. Cada cursante del Instituto, solo podr\u00e1 figurar una (1) vez en el padr\u00f3n.<\/p>\n\n\n\n<p>#<strong>Graduades<\/strong>: el padr\u00f3n se confecciona durante el acto eleccionario, habilitando a les egresades del ISTLyR a la emisi\u00f3n de su sufragio con la \u00fanica condici\u00f3n de presentar su documento de identidad (DNI, LC, LE, o CI) concordante con su Certificado de Estudios original o Copia autenticada por autoridad competente.<\/p>\n\n\n\n<p>El <strong>voto es individual, secreto y obligatorio<\/strong> para estudiantes, docentes y no docentes. Pero obviamente, invitamos a todes nuestres graduades a acercarse a votar ese d\u00eda.<\/p>\n\n\n\n<p><strong>Este proceso es de enorme relevancia para la vida democr\u00e1tica de nuestro Instituto, porque nos brinda la posibilidad de fortalecer el Equipo Directivo y consolidar la defensa de nuestra instituci\u00f3n y del proyecto educativo que construimos todos los d\u00eda<\/strong>s.<\/p>\n\n\n\n<p><strong>Junta Electoral Regencia<\/strong>, juntaregenciaistlyr2025@gmail.com<\/p>\n\n\n\n<p><\/p>\n\n\n\n<p>&#8230;&#8230;..<\/p>\n\n\n\n<p>De acuerdo con el calendario electoral, entre el&nbsp;<strong>1 y el 3 de octubre<\/strong>&nbsp;se exhiben las candidaturas para el cargo de&nbsp;<strong>Regencia<\/strong>.<\/p>\n\n\n\n<p><strong>Candidates:<\/strong><\/p>\n\n\n\n<ul>\n<li>Leonardo Pereyra<\/li>\n\n\n\n<li>Mar\u00eda Florencia Soto<\/li>\n<\/ul>\n\n\n\n<p>Ambas candidaturas fueron presentadas con sus antecedentes y avales en tiempo y forma ante la Junta Electoral.<\/p>\n\n\n\n<p>Hasta el&nbsp;<strong>3 de octubre<\/strong>&nbsp;se podr\u00e1n presentar&nbsp;<strong>impugnaciones u observaciones<\/strong>&nbsp;a las candidaturas.<\/p>\n\n\n\n<p>Seg\u00fan la normativa vigente (Resoluci\u00f3n 290), los requisitos para postularse al cargo de Regente son:<br>a) Revistar como profesor\/a interino\/a en el Instituto.<br>b) Contar con una antig\u00fcedad docente m\u00ednima de seis (6) a\u00f1os, de los cuales tres (3) deben corresponder al nivel terciario y uno (1) al Instituto de Tiempo Libre y Recreaci\u00f3n.<\/p>\n\n\n\n<p><img decoding=\"async\" alt=\"&#x1f4cc;\" src=\"https:\/\/fonts.gstatic.com\/s\/e\/notoemoji\/16.0\/1f4cc\/32.png\">&nbsp;Toda la informaci\u00f3n relativa al proceso electoral \u2013normativas, requisitos y especificaciones\u2013 se encuentra en el&nbsp;<strong>Reglamento Org\u00e1nico del Instituto<\/strong>&nbsp;(Resoluci\u00f3n 290 y su ampliaci\u00f3n).<\/p>\n\n\n\n<p><img decoding=\"async\" src=\"https:\/\/fonts.gstatic.com\/s\/e\/notoemoji\/16.0\/1f4e7\/32.png\" alt=\"&#x1f4e7;\">&nbsp;Consultas a la Junta Electoral:&nbsp;<strong><a rel=\"noreferrer noopener\" href=\"mailto:juntaregenciaistlyr2025@gmail.com\" target=\"_blank\">juntaregenciaistlyr2025<\/a><\/strong>@equipodirectivo<\/p>\n\n\n\n<p><strong>Cronograma<\/strong><\/p>\n\n\n\n<ul>\n<li><strong>16\/07:<\/strong> El CD aprueba Junta Electoral<\/li>\n\n\n\n<li><strong>03\/09:<\/strong> El CD aprueba Cronograma Electoral<\/li>\n\n\n\n<li><strong>05\/09<\/strong>: Cierre de padrones en Secretar\u00eda<\/li>\n\n\n\n<li><strong>05\/09<\/strong>: Remisi\u00f3n de padrones para la Junta Electoral<\/li>\n\n\n\n<li><strong>08\/09 al 10\/09<\/strong>: Verificaci\u00f3n de los padrones provisorios por la Junta Electoral<\/li>\n\n\n\n<li><strong>12\/09 al 16\/09<\/strong>: Exhibici\u00f3n de los padrones provisorios. Presentaci\u00f3n de impugnaciones y pedidos de inclusi\u00f3n<\/li>\n\n\n\n<li><strong>17\/09<\/strong>: Resoluci\u00f3n de impugnaciones<\/li>\n\n\n\n<li><strong>18\/09<\/strong>: Aprobaci\u00f3n de padrones definitivos<\/li>\n\n\n\n<li><strong>19\/09 y 22\/09<\/strong>: Exhibici\u00f3n de padrones definitivos<\/li>\n\n\n\n<li><strong>22\/09 al 25\/09<\/strong>: Presentaci\u00f3n de candidate\/s<\/li>\n\n\n\n<li><strong>26\/09 al 30\/09<\/strong>: An\u00e1lisis de candidate\/s por parte de la Junta Electoral<\/li>\n\n\n\n<li><strong>01\/09 al 03\/10<\/strong>: Exhibici\u00f3n de candidate\/s. Presentaci\u00f3n de impugnaciones y observaciones a candidade\/s<\/li>\n\n\n\n<li><strong>06\/10<\/strong>: Oficializaci\u00f3n de candidate\/s<\/li>\n\n\n\n<li><strong>07\/10 y 08\/10<\/strong>: Presentaci\u00f3n de candidate\/s a la comunidad educativa<\/li>\n\n\n\n<li><strong>09\/10 y 14\/10<\/strong>: Designaci\u00f3n de las autoridades de mesa<\/li>\n\n\n\n<li><strong>21\/10<\/strong>: Cierre de propaganda electoral<\/li>\n\n\n\n<li><strong>23\/10<\/strong>: Acto eleccionario \u2013 escrutinio provisorio<\/li>\n\n\n\n<li><strong>24\/10<\/strong>: Escrutinio definitivo<\/li>\n\n\n\n<li><strong>30\/10<\/strong>: Elevaci\u00f3n a la DFTS<\/li>\n\n\n\n<li><strong>Asunci\u00f3n de la nueva autoridad<\/strong><\/li>\n<\/ul>\n\n\n\n<hr class=\"wp-block-separator has-alpha-channel-opacity\"\/>\n\n\n\n<p><strong>PADRONES ACTO ELECCIONARIO<\/strong><\/p>\n\n\n\n<p><a href=\"https:\/\/istlyr-caba.infd.edu.ar\/sitio\/wp-content\/uploads\/2025\/09\/PADRON-REGULARES-ESTUDIANTES-REGENCIA.pdf\" target=\"_blank\" rel=\"noreferrer noopener\">Claustro estudiantil <\/a><\/p>\n\n\n\n<p><a rel=\"noreferrer noopener\" href=\"https:\/\/istlyr-caba.infd.edu.ar\/sitio\/wp-content\/uploads\/2025\/09\/PADRONES-docentes-REGENCIA.pdf\" target=\"_blank\">Claustro docente<\/a><\/p>\n\n\n\n<hr class=\"wp-block-separator has-alpha-channel-opacity\"\/>\n\n\n\n<blockquote class=\"wp-block-quote\">\n<p class=\"has-medium-font-size\">Compartimos el escrutinio definitivo, a cargo de la Junta Electoral, de la votaci\u00f3n realizada el jueves 23 de octubre, en el marco de las elecciones del cargo de la Regencia para el Equipo Directivo del ISTLyR.<\/p>\n\n\n\n<figure class=\"wp-block-image size-full\"><img decoding=\"async\" loading=\"lazy\" width=\"1280\" height=\"386\" src=\"https:\/\/istlyr-caba.infd.edu.ar\/sitio\/wp-content\/uploads\/2025\/10\/Tabla-1.jpg\" alt=\"\" class=\"wp-image-7433\" srcset=\"https:\/\/istlyr-caba.infd.edu.ar\/sitio\/wp-content\/uploads\/2025\/10\/Tabla-1.jpg 1280w, https:\/\/istlyr-caba.infd.edu.ar\/sitio\/wp-content\/uploads\/2025\/10\/Tabla-1-1000x302.jpg 1000w, https:\/\/istlyr-caba.infd.edu.ar\/sitio\/wp-content\/uploads\/2025\/10\/Tabla-1-768x232.jpg 768w\" sizes=\"(max-width: 1280px) 100vw, 1280px\" \/><\/figure>\n\n\n\n<figure class=\"wp-block-image size-full is-resized\"><img decoding=\"async\" loading=\"lazy\" src=\"https:\/\/istlyr-caba.infd.edu.ar\/sitio\/wp-content\/uploads\/2025\/10\/Tabla-2.jpg\" alt=\"\" class=\"wp-image-7434\" width=\"957\" height=\"352\" srcset=\"https:\/\/istlyr-caba.infd.edu.ar\/sitio\/wp-content\/uploads\/2025\/10\/Tabla-2.jpg 1280w, https:\/\/istlyr-caba.infd.edu.ar\/sitio\/wp-content\/uploads\/2025\/10\/Tabla-2-1000x369.jpg 1000w, https:\/\/istlyr-caba.infd.edu.ar\/sitio\/wp-content\/uploads\/2025\/10\/Tabla-2-768x283.jpg 768w\" sizes=\"(max-width: 957px) 100vw, 957px\" \/><\/figure>\n<\/blockquote>\n\n\n\n<blockquote class=\"wp-block-quote\">\n<p class=\"has-medium-font-size\">Queremos agradecer a las autoridades de mesa que se desempe\u00f1aron de manera responsable y comprometida; a todo el personal del Instituto que colabor\u00f3 con diferentes tareas que contribuyeron a que el acto electoral se desarrollara de manera normal, \u00e1gil y sin inconveniente alguno; y a todes les estudiantes, docentes y graduades que se acercaron a votar fortaleciendo, de esta forma, la vida democr\u00e1tica del ISTLyR.<br>Felicitamos al profesor Leonardo Pereyra en su nuevo rol en el Instituto.<\/p>\n\n\n\n<p class=\"has-medium-font-size\"><strong>Autoridades de la Junta Electoral<\/strong><\/p>\n<\/blockquote>\n","protected":false},"excerpt":{"rendered":"<p>Oficializaci\u00f3n de candidatura para el cargo de Regencia Tal como establece el calendario electoral se ha oficializado la candidatura para el cargo de Regencia, cuya elecci\u00f3n se llevar\u00e1 a cabo el pr\u00f3ximo 23 de octubre. Candidatura presentada: \u00b7 Leonardo Pereyra, profesor de TLyR La postulaci\u00f3n fue presentada con sus antecedentes y avales en tiempo y &#8230; <a title=\"Elecciones Regencia 2025\" class=\"read-more\" href=\"https:\/\/istlyr-caba.infd.edu.ar\/sitio\/cronograma-electoral-regencia-2025\/\" aria-label=\"More on Elecciones Regencia 2025\">[+]<\/a><\/p>\n","protected":false},"author":712,"featured_media":0,"parent":0,"menu_order":0,"comment_status":"closed","ping_status":"closed","template":"","meta":[],"acf":[],"_links":{"self":[{"href":"https:\/\/istlyr-caba.infd.edu.ar\/sitio\/wp-json\/wp\/v2\/pages\/7286"}],"collection":[{"href":"https:\/\/istlyr-caba.infd.edu.ar\/sitio\/wp-json\/wp\/v2\/pages"}],"about":[{"href":"https:\/\/istlyr-caba.infd.edu.ar\/sitio\/wp-json\/wp\/v2\/types\/page"}],"author":[{"embeddable":true,"href":"https:\/\/istlyr-caba.infd.edu.ar\/sitio\/wp-json\/wp\/v2\/users\/712"}],"replies":[{"embeddable":true,"href":"https:\/\/istlyr-caba.infd.edu.ar\/sitio\/wp-json\/wp\/v2\/comments?post=7286"}],"version-history":[{"count":7,"href":"https:\/\/istlyr-caba.infd.edu.ar\/sitio\/wp-json\/wp\/v2\/pages\/7286\/revisions"}],"predecessor-version":[{"id":7435,"href":"https:\/\/istlyr-caba.infd.edu.ar\/sitio\/wp-json\/wp\/v2\/pages\/7286\/revisions\/7435"}],"wp:attachment":[{"href":"https:\/\/istlyr-caba.infd.edu.ar\/sitio\/wp-json\/wp\/v2\/media?parent=7286"}],"curies":[{"name":"wp","href":"https:\/\/api.w.org\/{rel}","templated":true}]}}