{"id":6124,"date":"2024-08-15T07:14:10","date_gmt":"2024-08-15T10:14:10","guid":{"rendered":"https:\/\/istlyr-caba.infd.edu.ar\/sitio\/?page_id=6124"},"modified":"2024-09-10T12:33:32","modified_gmt":"2024-09-10T15:33:32","slug":"elecciones-consejo-directivo-claustro-de-graduades","status":"publish","type":"page","link":"https:\/\/istlyr-caba.infd.edu.ar\/sitio\/elecciones-consejo-directivo-claustro-de-graduades\/","title":{"rendered":"Elecciones Consejo Directivo &#8211;\u00a0Claustro de Graduades"},"content":{"rendered":"\n<p>&nbsp;<\/p>\n\n\n\n<figure class=\"wp-block-gallery has-nested-images columns-2 is-cropped wp-block-gallery-1 is-layout-flex\">\n<figure class=\"wp-block-image size-large\"><img decoding=\"async\" loading=\"lazy\" width=\"972\" height=\"1600\" data-id=\"6179\"  src=\"https:\/\/istlyr-caba.infd.edu.ar\/sitio\/wp-content\/uploads\/2024\/08\/01.jpeg\" alt=\"\" class=\"wp-image-6179\" srcset=\"https:\/\/istlyr-caba.infd.edu.ar\/sitio\/wp-content\/uploads\/2024\/08\/01.jpeg 972w, https:\/\/istlyr-caba.infd.edu.ar\/sitio\/wp-content\/uploads\/2024\/08\/01-608x1000.jpeg 608w, https:\/\/istlyr-caba.infd.edu.ar\/sitio\/wp-content\/uploads\/2024\/08\/01-768x1264.jpeg 768w, https:\/\/istlyr-caba.infd.edu.ar\/sitio\/wp-content\/uploads\/2024\/08\/01-933x1536.jpeg 933w\" sizes=\"(max-width: 972px) 100vw, 972px\" \/><\/figure>\n\n\n\n<figure class=\"wp-block-image size-large\"><img decoding=\"async\" loading=\"lazy\" width=\"922\" height=\"1600\" data-id=\"6180\"  src=\"https:\/\/istlyr-caba.infd.edu.ar\/sitio\/wp-content\/uploads\/2024\/08\/02.jpeg\" alt=\"\" class=\"wp-image-6180\" srcset=\"https:\/\/istlyr-caba.infd.edu.ar\/sitio\/wp-content\/uploads\/2024\/08\/02.jpeg 922w, https:\/\/istlyr-caba.infd.edu.ar\/sitio\/wp-content\/uploads\/2024\/08\/02-576x1000.jpeg 576w, https:\/\/istlyr-caba.infd.edu.ar\/sitio\/wp-content\/uploads\/2024\/08\/02-768x1333.jpeg 768w, https:\/\/istlyr-caba.infd.edu.ar\/sitio\/wp-content\/uploads\/2024\/08\/02-885x1536.jpeg 885w\" sizes=\"(max-width: 922px) 100vw, 922px\" \/><\/figure>\n\n\n\n<figure class=\"wp-block-image size-large\"><img decoding=\"async\" loading=\"lazy\" width=\"934\" height=\"1600\" data-id=\"6181\"  src=\"https:\/\/istlyr-caba.infd.edu.ar\/sitio\/wp-content\/uploads\/2024\/08\/03.jpeg\" alt=\"\" class=\"wp-image-6181\" srcset=\"https:\/\/istlyr-caba.infd.edu.ar\/sitio\/wp-content\/uploads\/2024\/08\/03.jpeg 934w, https:\/\/istlyr-caba.infd.edu.ar\/sitio\/wp-content\/uploads\/2024\/08\/03-584x1000.jpeg 584w, https:\/\/istlyr-caba.infd.edu.ar\/sitio\/wp-content\/uploads\/2024\/08\/03-768x1316.jpeg 768w, https:\/\/istlyr-caba.infd.edu.ar\/sitio\/wp-content\/uploads\/2024\/08\/03-897x1536.jpeg 897w\" sizes=\"(max-width: 934px) 100vw, 934px\" \/><\/figure>\n\n\n\n<figure class=\"wp-block-image size-large\"><img decoding=\"async\" loading=\"lazy\" width=\"926\" height=\"1600\" data-id=\"6182\"  src=\"https:\/\/istlyr-caba.infd.edu.ar\/sitio\/wp-content\/uploads\/2024\/08\/04.jpeg\" alt=\"\" class=\"wp-image-6182\" srcset=\"https:\/\/istlyr-caba.infd.edu.ar\/sitio\/wp-content\/uploads\/2024\/08\/04.jpeg 926w, https:\/\/istlyr-caba.infd.edu.ar\/sitio\/wp-content\/uploads\/2024\/08\/04-579x1000.jpeg 579w, https:\/\/istlyr-caba.infd.edu.ar\/sitio\/wp-content\/uploads\/2024\/08\/04-768x1327.jpeg 768w, https:\/\/istlyr-caba.infd.edu.ar\/sitio\/wp-content\/uploads\/2024\/08\/04-889x1536.jpeg 889w\" sizes=\"(max-width: 926px) 100vw, 926px\" \/><\/figure>\n<\/figure>\n\n\n\n<p><strong>Cronograma Electoral<\/strong>&nbsp;<\/p>\n\n\n\n<p>13\/08: presentaci\u00f3n del cronograma al CD \/ aprobaci\u00f3n<\/p>\n\n\n\n<p>14 al 18\/08: Convocatoria<\/p>\n\n\n\n<p>19al 22\/08: Presentaci\u00f3n de candidates a la Junta Electoral a trav\u00e9s de los correos electr\u00f3nicos:<\/p>\n\n\n\n<p><a href=\"mailto:elmaildequimey@gmail.com\" target=\"_blank\" rel=\"noreferrer noopener\">elmaildequimey@gmail.com<\/a><\/p>\n\n\n\n<p><a rel=\"noreferrer noopener\" href=\"mailto:Quatrini.pablo@gmail.com\" target=\"_blank\">quatrini.pablo@gmail.com<\/a><\/p>\n\n\n\n<p>26\/08: Publicaci\u00f3n de n\u00f3mina de candidates<\/p>\n\n\n\n<p>27 al 30\/08: Presentaci\u00f3n de impugnaciones<\/p>\n\n\n\n<p>31\/08 al 02\/09: Resoluci\u00f3n de impugnaciones.&nbsp;<em>Las decisiones de la Junta son inapelables frente a posibles impugnaciones o reclamos o pedidos que se realicen.<\/em><\/p>\n\n\n\n<p>03\/09: Oficializaci\u00f3n de candidates<\/p>\n\n\n\n<p>03 al 05\/09: Campa\u00f1a electoral<\/p>\n\n\n\n<p>06 al 08\/09: Veda electoral<\/p>\n\n\n\n<p>09\/09: Elecciones claustro graduades<\/p>\n\n\n\n<p>09\/09: Escrutinio provisional<\/p>\n\n\n\n<p>10\/09: Escrutinio definitivo &#8211; Comunicaci\u00f3n&nbsp;<\/p>\n\n\n\n<p><strong>Junta Electoral&nbsp;<\/strong><\/p>\n\n\n\n<p><strong>Quimey&nbsp;Oxman&nbsp;&#8211;&nbsp;<a href=\"mailto:elmaildequimey@gmail.com\" target=\"_blank\" rel=\"noreferrer noopener\">elmaildequimey@gmail.com<\/a><\/strong><\/p>\n\n\n\n<p><strong>Pablo Quatrini &#8211; <a rel=\"noreferrer noopener\" href=\"mailto:Quatrini.pablo@gmail.com\" target=\"_blank\">quatrini.pablo@gmail.com<\/a><\/strong><\/p>\n\n\n\n<hr class=\"wp-block-separator has-alpha-channel-opacity\"\/>\n\n\n\n<p><strong>Publicaci\u00f3n de n\u00f3mina de candidates<\/strong>&nbsp;<\/p>\n\n\n\n<p>Seg\u00fan indica el cronograma electoral, compartimos la lista de candidates graduades para la elecci\u00f3n de consejeres para el Consejo Directivo:&nbsp;<\/p>\n\n\n\n<p><br>-Lucia Pino Alvarez (TLyR)<\/p>\n\n\n\n<p>-Jimena Cadranel (TLyR)<\/p>\n\n\n\n<p>-Mario Ruben Diaz (Comu)<\/p>\n\n\n\n<p>-Daniela Mar\u00eda Rey (Comu)<\/p>\n\n\n\n<p>-B\u00e1rbara Antonella Romero (Comu)<\/p>\n\n\n\n<p>-Nicol\u00e1s Ramon Riveros (TLyR)<\/p>\n\n\n\n<p>Cordialmente,&nbsp;<\/p>\n\n\n\n<p><strong>Junta Electoral&nbsp;<\/strong><\/p>\n\n\n\n<ul>\n<li><strong>Quimey Oxman &#8211;&nbsp;<\/strong><a href=\"mailto:elmaildequimey@gmail.com\" target=\"_blank\" rel=\"noreferrer noopener\">elmaildequimey@gmail.com<\/a><\/li>\n\n\n\n<li><strong>Pablo Quatrini &#8211;&nbsp;<\/strong><a rel=\"noreferrer noopener\" href=\"mailto:quatrini.pablo@gmail.com\" target=\"_blank\">quatrini.pablo@gmail.com<\/a><\/li>\n<\/ul>\n\n\n\n<hr class=\"wp-block-separator has-alpha-channel-opacity\"\/>\n\n\n\n<p><strong>Oficializaci\u00f3n de candidates graduades para formar el Consejo Directivo<\/strong><\/p>\n\n\n\n<p>Hoy, martes 3 de septiembre, transcurrido el per\u00edodo de impugnaciones y tal como establece el cronograma electoral,&nbsp;<strong>quedan oficializades les siguientes candidates:&nbsp;<\/strong><\/p>\n\n\n\n<ul>\n<li>Luc\u00eda Pino Alvarez (TLyR)<\/li>\n\n\n\n<li>Jimena Cadranel (TLyR)<\/li>\n\n\n\n<li>Mario Rub\u00e9n Diaz (Comu)<\/li>\n\n\n\n<li>Daniela Mar\u00eda Rey (Comu)<\/li>\n\n\n\n<li>B\u00e1rbara Antonella Romero (Comu)<\/li>\n\n\n\n<li>Nicol\u00e1s Ram\u00f3n Riveros (TLyR)<\/li>\n<\/ul>\n\n\n\n<p><strong>Junta Electoral&nbsp;<\/strong><\/p>\n\n\n\n<p><strong><em>Si ten\u00e9s dudas o consultas, comunicate con Quimey,&nbsp;<a rel=\"noreferrer noopener\" href=\"mailto:elmaildequimey@gmail.com\" target=\"_blank\">elmaildequimey@gmail.com<\/a>, y\/o Pablo,&nbsp;<a rel=\"noreferrer noopener\" href=\"mailto:quatrini.pablo@gmail.com\" target=\"_blank\">quatrini.pablo@gmail.com<\/a>&nbsp;<\/em><\/strong><\/p>\n\n\n\n<figure class=\"wp-block-gallery has-nested-images columns-2 is-cropped wp-block-gallery-3 is-layout-flex\">\n<figure class=\"wp-block-image size-large\"><img decoding=\"async\" loading=\"lazy\" width=\"1069\" height=\"1900\" data-id=\"6260\"  src=\"https:\/\/istlyr-caba.infd.edu.ar\/sitio\/wp-content\/uploads\/2024\/09\/Se-vienen-las-elecciones-de-consejeres-graduades-al-Consejo-Directivo-El-_20240902_234906_0000_pages-to-jpg-0001-1069x1900.jpg\" alt=\"\" class=\"wp-image-6260\" srcset=\"https:\/\/istlyr-caba.infd.edu.ar\/sitio\/wp-content\/uploads\/2024\/09\/Se-vienen-las-elecciones-de-consejeres-graduades-al-Consejo-Directivo-El-_20240902_234906_0000_pages-to-jpg-0001-1069x1900.jpg 1069w, https:\/\/istlyr-caba.infd.edu.ar\/sitio\/wp-content\/uploads\/2024\/09\/Se-vienen-las-elecciones-de-consejeres-graduades-al-Consejo-Directivo-El-_20240902_234906_0000_pages-to-jpg-0001-563x1000.jpg 563w, https:\/\/istlyr-caba.infd.edu.ar\/sitio\/wp-content\/uploads\/2024\/09\/Se-vienen-las-elecciones-de-consejeres-graduades-al-Consejo-Directivo-El-_20240902_234906_0000_pages-to-jpg-0001-768x1365.jpg 768w, https:\/\/istlyr-caba.infd.edu.ar\/sitio\/wp-content\/uploads\/2024\/09\/Se-vienen-las-elecciones-de-consejeres-graduades-al-Consejo-Directivo-El-_20240902_234906_0000_pages-to-jpg-0001-864x1536.jpg 864w, https:\/\/istlyr-caba.infd.edu.ar\/sitio\/wp-content\/uploads\/2024\/09\/Se-vienen-las-elecciones-de-consejeres-graduades-al-Consejo-Directivo-El-_20240902_234906_0000_pages-to-jpg-0001-1152x2048.jpg 1152w, https:\/\/istlyr-caba.infd.edu.ar\/sitio\/wp-content\/uploads\/2024\/09\/Se-vienen-las-elecciones-de-consejeres-graduades-al-Consejo-Directivo-El-_20240902_234906_0000_pages-to-jpg-0001-scaled.jpg 1440w\" sizes=\"(max-width: 1069px) 100vw, 1069px\" \/><\/figure>\n\n\n\n<figure class=\"wp-block-image size-large\"><img decoding=\"async\" loading=\"lazy\" width=\"1069\" height=\"1900\" data-id=\"6261\"  src=\"https:\/\/istlyr-caba.infd.edu.ar\/sitio\/wp-content\/uploads\/2024\/09\/Se-vienen-las-elecciones-de-consejeres-graduades-al-Consejo-Directivo-El-_20240902_234906_0000_pages-to-jpg-0002-1069x1900.jpg\" alt=\"\" class=\"wp-image-6261\" srcset=\"https:\/\/istlyr-caba.infd.edu.ar\/sitio\/wp-content\/uploads\/2024\/09\/Se-vienen-las-elecciones-de-consejeres-graduades-al-Consejo-Directivo-El-_20240902_234906_0000_pages-to-jpg-0002-1069x1900.jpg 1069w, https:\/\/istlyr-caba.infd.edu.ar\/sitio\/wp-content\/uploads\/2024\/09\/Se-vienen-las-elecciones-de-consejeres-graduades-al-Consejo-Directivo-El-_20240902_234906_0000_pages-to-jpg-0002-563x1000.jpg 563w, https:\/\/istlyr-caba.infd.edu.ar\/sitio\/wp-content\/uploads\/2024\/09\/Se-vienen-las-elecciones-de-consejeres-graduades-al-Consejo-Directivo-El-_20240902_234906_0000_pages-to-jpg-0002-768x1365.jpg 768w, https:\/\/istlyr-caba.infd.edu.ar\/sitio\/wp-content\/uploads\/2024\/09\/Se-vienen-las-elecciones-de-consejeres-graduades-al-Consejo-Directivo-El-_20240902_234906_0000_pages-to-jpg-0002-864x1536.jpg 864w, https:\/\/istlyr-caba.infd.edu.ar\/sitio\/wp-content\/uploads\/2024\/09\/Se-vienen-las-elecciones-de-consejeres-graduades-al-Consejo-Directivo-El-_20240902_234906_0000_pages-to-jpg-0002-1152x2048.jpg 1152w, https:\/\/istlyr-caba.infd.edu.ar\/sitio\/wp-content\/uploads\/2024\/09\/Se-vienen-las-elecciones-de-consejeres-graduades-al-Consejo-Directivo-El-_20240902_234906_0000_pages-to-jpg-0002-scaled.jpg 1440w\" sizes=\"(max-width: 1069px) 100vw, 1069px\" \/><\/figure>\n\n\n\n<figure class=\"wp-block-image size-large\"><img decoding=\"async\" loading=\"lazy\" width=\"1069\" height=\"1900\" data-id=\"6262\"  src=\"https:\/\/istlyr-caba.infd.edu.ar\/sitio\/wp-content\/uploads\/2024\/09\/Se-vienen-las-elecciones-de-consejeres-graduades-al-Consejo-Directivo-El-_20240902_234906_0000_pages-to-jpg-0003-1069x1900.jpg\" alt=\"\" class=\"wp-image-6262\" srcset=\"https:\/\/istlyr-caba.infd.edu.ar\/sitio\/wp-content\/uploads\/2024\/09\/Se-vienen-las-elecciones-de-consejeres-graduades-al-Consejo-Directivo-El-_20240902_234906_0000_pages-to-jpg-0003-1069x1900.jpg 1069w, https:\/\/istlyr-caba.infd.edu.ar\/sitio\/wp-content\/uploads\/2024\/09\/Se-vienen-las-elecciones-de-consejeres-graduades-al-Consejo-Directivo-El-_20240902_234906_0000_pages-to-jpg-0003-563x1000.jpg 563w, https:\/\/istlyr-caba.infd.edu.ar\/sitio\/wp-content\/uploads\/2024\/09\/Se-vienen-las-elecciones-de-consejeres-graduades-al-Consejo-Directivo-El-_20240902_234906_0000_pages-to-jpg-0003-768x1365.jpg 768w, https:\/\/istlyr-caba.infd.edu.ar\/sitio\/wp-content\/uploads\/2024\/09\/Se-vienen-las-elecciones-de-consejeres-graduades-al-Consejo-Directivo-El-_20240902_234906_0000_pages-to-jpg-0003-864x1536.jpg 864w, https:\/\/istlyr-caba.infd.edu.ar\/sitio\/wp-content\/uploads\/2024\/09\/Se-vienen-las-elecciones-de-consejeres-graduades-al-Consejo-Directivo-El-_20240902_234906_0000_pages-to-jpg-0003-1152x2048.jpg 1152w, https:\/\/istlyr-caba.infd.edu.ar\/sitio\/wp-content\/uploads\/2024\/09\/Se-vienen-las-elecciones-de-consejeres-graduades-al-Consejo-Directivo-El-_20240902_234906_0000_pages-to-jpg-0003-scaled.jpg 1440w\" sizes=\"(max-width: 1069px) 100vw, 1069px\" \/><\/figure>\n\n\n\n<figure class=\"wp-block-image size-large\"><img decoding=\"async\" loading=\"lazy\" width=\"1069\" height=\"1900\" data-id=\"6263\"  src=\"https:\/\/istlyr-caba.infd.edu.ar\/sitio\/wp-content\/uploads\/2024\/09\/Se-vienen-las-elecciones-de-consejeres-graduades-al-Consejo-Directivo-El-_20240902_234906_0000_pages-to-jpg-0004-1069x1900.jpg\" alt=\"\" class=\"wp-image-6263\" srcset=\"https:\/\/istlyr-caba.infd.edu.ar\/sitio\/wp-content\/uploads\/2024\/09\/Se-vienen-las-elecciones-de-consejeres-graduades-al-Consejo-Directivo-El-_20240902_234906_0000_pages-to-jpg-0004-1069x1900.jpg 1069w, https:\/\/istlyr-caba.infd.edu.ar\/sitio\/wp-content\/uploads\/2024\/09\/Se-vienen-las-elecciones-de-consejeres-graduades-al-Consejo-Directivo-El-_20240902_234906_0000_pages-to-jpg-0004-563x1000.jpg 563w, https:\/\/istlyr-caba.infd.edu.ar\/sitio\/wp-content\/uploads\/2024\/09\/Se-vienen-las-elecciones-de-consejeres-graduades-al-Consejo-Directivo-El-_20240902_234906_0000_pages-to-jpg-0004-768x1365.jpg 768w, https:\/\/istlyr-caba.infd.edu.ar\/sitio\/wp-content\/uploads\/2024\/09\/Se-vienen-las-elecciones-de-consejeres-graduades-al-Consejo-Directivo-El-_20240902_234906_0000_pages-to-jpg-0004-864x1536.jpg 864w, https:\/\/istlyr-caba.infd.edu.ar\/sitio\/wp-content\/uploads\/2024\/09\/Se-vienen-las-elecciones-de-consejeres-graduades-al-Consejo-Directivo-El-_20240902_234906_0000_pages-to-jpg-0004-1152x2048.jpg 1152w, https:\/\/istlyr-caba.infd.edu.ar\/sitio\/wp-content\/uploads\/2024\/09\/Se-vienen-las-elecciones-de-consejeres-graduades-al-Consejo-Directivo-El-_20240902_234906_0000_pages-to-jpg-0004-scaled.jpg 1440w\" sizes=\"(max-width: 1069px) 100vw, 1069px\" \/><\/figure>\n<\/figure>\n\n\n\n<hr class=\"wp-block-separator has-alpha-channel-opacity\"\/>\n\n\n\n<p><strong>Resultados votaci\u00f3n del 9 de septiembre&nbsp;<\/strong><\/p>\n\n\n\n<p>Les egresades elegides&nbsp;de ayer para formar parte del CD son:<\/p>\n\n\n\n<ul>\n<li>Titulares: Jimena Cadranel (TLyR) y Nicol\u00e1s Riveros (TLyR)<\/li>\n\n\n\n<li>Suplentes: B\u00e1rbara Antonella Robledo (Comu) y Lucia Pino Alvarez (TLyR)<\/li>\n<\/ul>\n\n\n\n<p><strong>Junta Electoral<\/strong><\/p>\n\n\n\n<ul>\n<li><strong>Quimey Oxman &#8211;&nbsp;<\/strong><a rel=\"noreferrer noopener\" href=\"mailto:elmaildequimey@gmail.com\" target=\"_blank\">elmaildequimey@gmail.com<\/a><\/li>\n\n\n\n<li><strong>Pablo Quatrini &#8211;&nbsp;<\/strong><a rel=\"noreferrer noopener\" href=\"mailto:quatrini.pablo@gmail.com\" target=\"_blank\">quatrini.pablo@gmail.com<\/a><\/li>\n<\/ul>\n","protected":false},"excerpt":{"rendered":"<p>&nbsp; Cronograma Electoral&nbsp; 13\/08: presentaci\u00f3n del cronograma al CD \/ aprobaci\u00f3n 14 al 18\/08: Convocatoria 19al 22\/08: Presentaci\u00f3n de candidates a la Junta Electoral a trav\u00e9s de los correos electr\u00f3nicos: elmaildequimey@gmail.com quatrini.pablo@gmail.com 26\/08: Publicaci\u00f3n de n\u00f3mina de candidates 27 al 30\/08: Presentaci\u00f3n de impugnaciones 31\/08 al 02\/09: Resoluci\u00f3n de impugnaciones.&nbsp;Las decisiones de la Junta son &#8230; <a title=\"Elecciones Consejo Directivo &#8211;\u00a0Claustro de Graduades\" class=\"read-more\" href=\"https:\/\/istlyr-caba.infd.edu.ar\/sitio\/elecciones-consejo-directivo-claustro-de-graduades\/\" aria-label=\"More on Elecciones Consejo Directivo &#8211;\u00a0Claustro de Graduades\">[+]<\/a><\/p>\n","protected":false},"author":766,"featured_media":0,"parent":0,"menu_order":0,"comment_status":"closed","ping_status":"closed","template":"","meta":[],"acf":[],"_links":{"self":[{"href":"https:\/\/istlyr-caba.infd.edu.ar\/sitio\/wp-json\/wp\/v2\/pages\/6124"}],"collection":[{"href":"https:\/\/istlyr-caba.infd.edu.ar\/sitio\/wp-json\/wp\/v2\/pages"}],"about":[{"href":"https:\/\/istlyr-caba.infd.edu.ar\/sitio\/wp-json\/wp\/v2\/types\/page"}],"author":[{"embeddable":true,"href":"https:\/\/istlyr-caba.infd.edu.ar\/sitio\/wp-json\/wp\/v2\/users\/766"}],"replies":[{"embeddable":true,"href":"https:\/\/istlyr-caba.infd.edu.ar\/sitio\/wp-json\/wp\/v2\/comments?post=6124"}],"version-history":[{"count":7,"href":"https:\/\/istlyr-caba.infd.edu.ar\/sitio\/wp-json\/wp\/v2\/pages\/6124\/revisions"}],"predecessor-version":[{"id":6293,"href":"https:\/\/istlyr-caba.infd.edu.ar\/sitio\/wp-json\/wp\/v2\/pages\/6124\/revisions\/6293"}],"wp:attachment":[{"href":"https:\/\/istlyr-caba.infd.edu.ar\/sitio\/wp-json\/wp\/v2\/media?parent=6124"}],"curies":[{"name":"wp","href":"https:\/\/api.w.org\/{rel}","templated":true}]}}