{"id":5472,"date":"2023-05-12T09:05:23","date_gmt":"2023-05-12T12:05:23","guid":{"rendered":"https:\/\/istlyr-caba.infd.edu.ar\/sitio\/?page_id=5472"},"modified":"2026-04-21T10:03:20","modified_gmt":"2026-04-21T13:03:20","slug":"area-de-generos-y-diversidades","status":"publish","type":"page","link":"https:\/\/istlyr-caba.infd.edu.ar\/sitio\/area-de-generos-y-diversidades\/","title":{"rendered":"\u00c1rea de G\u00e9neros y Diversidades"},"content":{"rendered":"\n<blockquote class=\"wp-block-quote\">\n<h5 class=\"wp-block-heading\"><strong>Pod\u00e9s acceder al documento de conformaci\u00f3n del \u00c1rea haciendo<a rel=\"noreferrer noopener\" href=\"https:\/\/istlyr-caba.infd.edu.ar\/sitio\/wp-content\/uploads\/2026\/04\/A\u0301rea-ge\u0301neros-y-diversidades.pdf\" target=\"_blank\"> clic aqu\u00ed.<\/a><\/strong><\/h5>\n<\/blockquote>\n\n\n\n<p><strong>El \u00c1rea se cre\u00f3 en julio de 2023. <\/strong><\/p>\n\n\n\n<div style=\"height:5px\" aria-hidden=\"true\" class=\"wp-block-spacer\"><\/div>\n\n\n\n<p><strong>\u00bfSab\u00e9s qu\u00e9 hace el \u00c1rea de G\u00e9neros y Diversidades?<\/strong><\/p>\n\n\n\n<p>\u2022&nbsp;Retoma inquietudes respecto al abordaje de situaciones ligadas a la cuesti\u00f3n de g\u00e9nero y diversidades en nuestra instituci\u00f3n.<br>\u2022&nbsp;Invita a repensar pr\u00e1cticas&nbsp;institucionales y posicionamientos para incorporar una mirada cr\u00edtica e interseccional.<br>\u2022 Busca construir un ISTLyR libre de opresiones.<br>\u2022 Revisa situaciones que crean desigualdades y&nbsp;estructuran posiciones relativas a las mujeres, g\u00e9neros y diversidades.&nbsp;<br>\u2022 Trabaja&nbsp;de manera vinculante y consulta con otres actores institucionales, en permanente di\u00e1logo e intercambio.<\/p>\n\n\n\n<div style=\"height:5px\" aria-hidden=\"true\" class=\"wp-block-spacer\"><\/div>\n\n\n\n<p><strong>Dudas y consultas:<\/strong><\/p>\n\n\n\n<p>Correo electr\u00f3nico: <a href=\"mailto:areagenerosydiversidadesistlyr@gmail.com\" target=\"_blank\" rel=\"noreferrer noopener\">areagenerosydiversidadesistlyr@gmail.com<\/a><br>Para m\u00e1s info hac\u00e9 <a href=\"https:\/\/istlyr-caba.infd.edu.ar\/sitio\/wp-content\/uploads\/2025\/04\/2025_Area_de_Generos.doc-1.pdf\"><em>clic aqu<\/em>\u00ed<\/a>.<\/p>\n","protected":false},"excerpt":{"rendered":"<p>Pod\u00e9s acceder al documento de conformaci\u00f3n del \u00c1rea haciendo clic aqu\u00ed. El \u00c1rea se cre\u00f3 en julio de 2023. \u00bfSab\u00e9s qu\u00e9 hace el \u00c1rea de G\u00e9neros y Diversidades? \u2022&nbsp;Retoma inquietudes respecto al abordaje de situaciones ligadas a la cuesti\u00f3n de g\u00e9nero y diversidades en nuestra instituci\u00f3n.\u2022&nbsp;Invita a repensar pr\u00e1cticas&nbsp;institucionales y posicionamientos para incorporar una mirada &#8230; <a title=\"\u00c1rea de G\u00e9neros y Diversidades\" class=\"read-more\" href=\"https:\/\/istlyr-caba.infd.edu.ar\/sitio\/area-de-generos-y-diversidades\/\" aria-label=\"More on \u00c1rea de G\u00e9neros y Diversidades\">[+]<\/a><\/p>\n","protected":false},"author":712,"featured_media":0,"parent":0,"menu_order":0,"comment_status":"closed","ping_status":"closed","template":"","meta":[],"acf":[],"_links":{"self":[{"href":"https:\/\/istlyr-caba.infd.edu.ar\/sitio\/wp-json\/wp\/v2\/pages\/5472"}],"collection":[{"href":"https:\/\/istlyr-caba.infd.edu.ar\/sitio\/wp-json\/wp\/v2\/pages"}],"about":[{"href":"https:\/\/istlyr-caba.infd.edu.ar\/sitio\/wp-json\/wp\/v2\/types\/page"}],"author":[{"embeddable":true,"href":"https:\/\/istlyr-caba.infd.edu.ar\/sitio\/wp-json\/wp\/v2\/users\/712"}],"replies":[{"embeddable":true,"href":"https:\/\/istlyr-caba.infd.edu.ar\/sitio\/wp-json\/wp\/v2\/comments?post=5472"}],"version-history":[{"count":11,"href":"https:\/\/istlyr-caba.infd.edu.ar\/sitio\/wp-json\/wp\/v2\/pages\/5472\/revisions"}],"predecessor-version":[{"id":7707,"href":"https:\/\/istlyr-caba.infd.edu.ar\/sitio\/wp-json\/wp\/v2\/pages\/5472\/revisions\/7707"}],"wp:attachment":[{"href":"https:\/\/istlyr-caba.infd.edu.ar\/sitio\/wp-json\/wp\/v2\/media?parent=5472"}],"curies":[{"name":"wp","href":"https:\/\/api.w.org\/{rel}","templated":true}]}}

Área de Géneros y Diversidades

<blockquote class="wp-block-quote">
<h5 class="wp-block-heading"><strong>Podés acceder al documento de conformación del Área haciendo<a rel="noreferrer noopener" href="https://istlyr-caba.infd.edu.ar/sitio/wp-content/uploads/2026/04/Área-géneros-y-diversidades.pdf" target="_blank"> clic aquí.</a></strong></h5>
</blockquote>



<p><strong>El Área se creó en julio de 2023. </strong></p>



<div style="height:5px" aria-hidden="true" class="wp-block-spacer"></div>



<p><strong>¿Sabés qué hace el Área de Géneros y Diversidades?</strong></p>



<p>•&nbsp;Retoma inquietudes respecto al abordaje de situaciones ligadas a la cuestión de género y diversidades en nuestra institución.<br>•&nbsp;Invita a repensar prácticas&nbsp;institucionales y posicionamientos para incorporar una mirada crítica e interseccional.<br>• Busca construir un ISTLyR libre de opresiones.<br>• Revisa situaciones que crean desigualdades y&nbsp;estructuran posiciones relativas a las mujeres, géneros y diversidades.&nbsp;<br>• Trabaja&nbsp;de manera vinculante y consulta con otres actores institucionales, en permanente diálogo e intercambio.</p>



<div style="height:5px" aria-hidden="true" class="wp-block-spacer"></div>



<p><strong>Dudas y consultas:</strong></p>



<p>Correo electrónico: <a href="mailto:areagenerosydiversidadesistlyr@gmail.com" target="_blank" rel="noreferrer noopener">areagenerosydiversidadesistlyr@gmail.com</a><br>Para más info hacé <a href="https://istlyr-caba.infd.edu.ar/sitio/wp-content/uploads/2025/04/2025_Area_de_Generos.doc-1.pdf"><em>clic aqu</em>í</a>.</p>

<p>Podés acceder al documento de conformación del Área haciendo clic aquí. El Área se creó en julio de 2023. ¿Sabés qué hace el Área de Géneros y Diversidades? •&nbsp;Retoma inquietudes respecto al abordaje de situaciones ligadas a la cuestión de género y diversidades en nuestra institución.•&nbsp;Invita a repensar prácticas&nbsp;institucionales y posicionamientos para incorporar una mirada &#8230; <a title="Área de Géneros y Diversidades" class="read-more" href="https://istlyr-caba.infd.edu.ar/sitio/area-de-generos-y-diversidades/" aria-label="More on Área de Géneros y Diversidades">[+]</a></p>
