{"id":5037,"date":"2022-09-01T12:12:11","date_gmt":"2022-09-01T15:12:11","guid":{"rendered":"https:\/\/istlyr-caba.infd.edu.ar\/sitio\/?page_id=5037"},"modified":"2022-09-01T12:12:12","modified_gmt":"2022-09-01T15:12:12","slug":"docentes-2","status":"publish","type":"page","link":"https:\/\/istlyr-caba.infd.edu.ar\/sitio\/docentes-2\/","title":{"rendered":"Docentes"},"content":{"rendered":"\n<p>En el <strong>aula<\/strong> <strong>SECRETAR\u00cdA<\/strong> del <strong>campus virtual, <\/strong>encontrar\u00e1s la informaci\u00f3n necesaria acerca de los siguientes tr\u00e1mites:<\/p>\n\n\n\n<p>\u2022 Info sobre obra sociales<br>\u2022 Gesti\u00f3n de la cuenta bue<br>\u2022 Licencias<br>\u2022 Reclamo de haberes<br>\u2022 Tr\u00e1mite de ficha censal<br>\u2022 C\u00f3mputo de antig\u00fcedad<br>\u2022 Presentaci\u00f3n de adscriptos y ayudantes<\/p>\n\n\n\n<p>Pod\u00e9s comunicarte con Secretar\u00eda a <a href=\"mailto:secretariaistlyr@gmail.com\" target=\"_blank\" rel=\"noreferrer noopener\">secretariaistlyr@gmail.com<\/a><\/p>\n","protected":false},"excerpt":{"rendered":"<p>En el aula SECRETAR\u00cdA del campus virtual, encontrar\u00e1s la informaci\u00f3n necesaria acerca de los siguientes tr\u00e1mites: \u2022 Info sobre obra sociales\u2022 Gesti\u00f3n de la cuenta bue\u2022 Licencias\u2022 Reclamo de haberes\u2022 Tr\u00e1mite de ficha censal\u2022 C\u00f3mputo de antig\u00fcedad\u2022 Presentaci\u00f3n de adscriptos y ayudantes Pod\u00e9s comunicarte con Secretar\u00eda a secretariaistlyr@gmail.com<\/p>\n","protected":false},"author":716,"featured_media":0,"parent":0,"menu_order":0,"comment_status":"closed","ping_status":"closed","template":"","meta":[],"acf":[],"_links":{"self":[{"href":"https:\/\/istlyr-caba.infd.edu.ar\/sitio\/wp-json\/wp\/v2\/pages\/5037"}],"collection":[{"href":"https:\/\/istlyr-caba.infd.edu.ar\/sitio\/wp-json\/wp\/v2\/pages"}],"about":[{"href":"https:\/\/istlyr-caba.infd.edu.ar\/sitio\/wp-json\/wp\/v2\/types\/page"}],"author":[{"embeddable":true,"href":"https:\/\/istlyr-caba.infd.edu.ar\/sitio\/wp-json\/wp\/v2\/users\/716"}],"replies":[{"embeddable":true,"href":"https:\/\/istlyr-caba.infd.edu.ar\/sitio\/wp-json\/wp\/v2\/comments?post=5037"}],"version-history":[{"count":1,"href":"https:\/\/istlyr-caba.infd.edu.ar\/sitio\/wp-json\/wp\/v2\/pages\/5037\/revisions"}],"predecessor-version":[{"id":5038,"href":"https:\/\/istlyr-caba.infd.edu.ar\/sitio\/wp-json\/wp\/v2\/pages\/5037\/revisions\/5038"}],"wp:attachment":[{"href":"https:\/\/istlyr-caba.infd.edu.ar\/sitio\/wp-json\/wp\/v2\/media?parent=5037"}],"curies":[{"name":"wp","href":"https:\/\/api.w.org\/{rel}","templated":true}]}}