{"id":5022,"date":"2022-09-01T11:39:51","date_gmt":"2022-09-01T14:39:51","guid":{"rendered":"https:\/\/istlyr-caba.infd.edu.ar\/sitio\/?page_id=5022"},"modified":"2023-05-19T19:44:27","modified_gmt":"2023-05-19T22:44:27","slug":"el-istlyr-investiga","status":"publish","type":"page","link":"https:\/\/istlyr-caba.infd.edu.ar\/sitio\/el-istlyr-investiga\/","title":{"rendered":"El ISTLyR investiga"},"content":{"rendered":"\n<h2 class=\"wp-block-heading\">Producciones<\/h2>\n\n\n\n<h2 class=\"wp-block-heading\">2020<\/h2>\n\n\n\n<p><a href=\"https:\/\/istlyr-caba.infd.edu.ar\/sitio\/wp-content\/uploads\/2022\/09\/01recreacion.pdf\" target=\"_blank\" rel=\"noreferrer noopener\">Proyecto: <strong>Las pr\u00e1cticas profesionalizantes que se implementan en las carreras del ISTLyR: impactos sobre el ejercicio profesional de les graduades y sobre los campos ocupacionales afines a sus perfiles de egreso.<\/strong><br>Informe por carrera: <strong>Tiempo Libre y Recreaci\u00f3n<\/strong><\/a><br><br><a href=\"https:\/\/istlyr-caba.infd.edu.ar\/sitio\/wp-content\/uploads\/2022\/09\/02pyes.pdf\" target=\"_blank\" rel=\"noreferrer noopener\">Proyecto: <strong>Las pr\u00e1cticas profesionalizantes que se implementan en las carreras del ISTLyR: impactos sobre el ejercicio profesional de les graduades y sobre los campos ocupacionales afines a sus perfiles de egreso.<\/strong><br>Informe por carrera: <strong>Pedagog\u00eda y Educaci\u00f3n Social<\/strong><\/a><br><br><a href=\"https:\/\/istlyr-caba.infd.edu.ar\/sitio\/wp-content\/uploads\/2022\/09\/02comunicacion.pdf\" target=\"_blank\" rel=\"noreferrer noopener\">Proyecto: <strong>Las pr\u00e1cticas profesionalizantes que se implementan en las carreras del ISTLyR: impactos sobre el ejercicio profesional de les graduades y sobre los campos ocupacionales afines a sus perfiles de egreso.<\/strong><br>Informe por carrera:<strong> Comunicaci\u00f3n Social orientada al desarrollo local<\/strong><\/a><br><br><strong><a href=\"https:\/\/istlyr-caba.infd.edu.ar\/sitio\/wp-content\/uploads\/2022\/09\/retratos.pdf\" target=\"_blank\" rel=\"noreferrer noopener\">Las inserciones profesionales de lxs t\u00e9cnicxs del Instituto Superior de Tiempo Libre y Recreaci\u00f3n:<br>Retratos de graduadxs<\/a><\/strong><\/p>\n\n\n\n<hr class=\"wp-block-separator has-css-opacity is-style-wide\"\/>\n\n\n\n<h2 class=\"wp-block-heading\">2022<\/h2>\n\n\n\n<p>Serie de Documentos titulada&nbsp;<em>\u201cEl trabajo con estudiantes ingresantes en las tecnicaturas del Instituto Superior de Tiempo Libre y Recreaci\u00f3n (CABA): propuestas pedag\u00f3gicas, experiencias y reflexiones\u201d<\/em>. El material presenta los resultados de un estudio coordinado por las \u00c1reas de Investigaci\u00f3n del instituto, en articulaci\u00f3n con la Facultad de Filosof\u00eda y Letras (UBA), que se desarroll\u00f3 a lo largo del 2021 con un equipo conformado por docentes de las tres carreras y una adscripta, y una referente de la facultad. El proyecto fue seleccionado en la convocatoria del Fondo Nacional de Investigaciones de Educaci\u00f3n T\u00e9cnico Profesional-INET (Ministerio de Educaci\u00f3n, Cultura, Ciencia y Tecnolog\u00eda de la Naci\u00f3n), edici\u00f3n 2019.<\/p>\n\n\n\n<p>La serie est\u00e1 integrada por cinco documentos:&nbsp;<a href=\"https:\/\/istlyr-caba.infd.edu.ar\/sitio\/wp-content\/uploads\/2022\/05\/01Resultados_generales.pdf\" target=\"_blank\" rel=\"noreferrer noopener\">el primero, a modo de s\u00edntesis, desarrolla los principales hallazgos cualitativos<\/a>; los siguientes tres se enfocan en las particularidades de la tarea pedag\u00f3gica en los tramos iniciales en cada una de las carreras (<a href=\"https:\/\/istlyr-caba.infd.edu.ar\/sitio\/wp-content\/uploads\/2022\/05\/02Recreacio%CC%81n.pdf\" target=\"_blank\" rel=\"noreferrer noopener\">Tiempo Libre y Recreaci\u00f3n,<\/a>&nbsp;<a href=\"https:\/\/istlyr-caba.infd.edu.ar\/sitio\/wp-content\/uploads\/2022\/05\/03Educacio%CC%81n.pdf\" target=\"_blank\" rel=\"noreferrer noopener\">Pedagog\u00eda y Educaci\u00f3n Social<\/a>&nbsp;y&nbsp;<a href=\"https:\/\/istlyr-caba.infd.edu.ar\/sitio\/wp-content\/uploads\/2022\/05\/04Comunicacion.pdf\" target=\"_blank\" rel=\"noreferrer noopener\">Comunicaci\u00f3n Social orientada al desarrollo local<\/a>) e incluyen la experiencia de los dispositivos institucionales de apoyo a estudiantes; el quinto documento \u2013 a\u00fan en elaboraci\u00f3n- expone resultados cuantitativos relativos al perfil del equipo docente en su conjunto y a sus representaciones acerca de las tem\u00e1ticas bajo estudio.<\/p>\n\n\n\n<hr class=\"wp-block-separator has-css-opacity is-style-wide\"\/>\n\n\n\n<h2 class=\"wp-block-heading\">Investigaci\u00f3n institucional y del campo profesional<\/h2>\n\n\n\n<p>La misi\u00f3n del \u00c1rea consiste en ofrecer informaci\u00f3n relevante y sustantiva para el fortalecimiento del proyecto institucional, especialmente en lo que se refiere al perfil de los estudiantes, graduados, el rendimiento acad\u00e9mico y las caracter\u00edsticas del campo socio-ocupacional.<\/p>\n\n\n\n<p><a href=\"https:\/\/istlyr-caba.infd.edu.ar\/sitio\/investigacion\/\">Ver Per\u00edodo anterior \u2022 Debora Kantor<\/a><\/p>\n\n\n\n<hr class=\"wp-block-separator has-css-opacity is-style-wide\"\/>\n\n\n\n<h2 class=\"wp-block-heading\">Formaci\u00f3n Te\u00f3rica<\/h2>\n\n\n\n<p><strong>Profesor Sergio Frugoni<\/strong><\/p>\n\n\n\n<p>El Departamento de Formaci\u00f3n Te\u00f3rica cumple funciones ligadas al desarrollo de la producci\u00f3n acad\u00e9mica de los estudiantes, docentes y egresados de las tres tecnicaturas del ISTLyR. Se trata de un espacio institucional clave para el crecimiento y promoci\u00f3n de la producci\u00f3n escrita en diversidad de formatos, g\u00e9neros y soportes. Consideramos que el ISTLyR es un \u00e1mbito en el que no s\u00f3lo se transmiten los conocimientos producidos en los diferentes campos disciplinares sino tambi\u00e9n un espacio de activa producci\u00f3n y socializaci\u00f3n de conocimiento por parte de docentes, estudiantes y egresados.<\/p>\n\n\n\n<p>Una de las tareas centrales del Departamento es ocuparse del \u00e1rea editorial de la instituci\u00f3n. Al momento se han editado m\u00e1s de diez publicaciones referidas a las tres tecnicaturas as\u00ed como la Revista Itinerarios digital, una publicaci\u00f3n virtual bimensual.<\/p>\n\n\n\n<p><a rel=\"noreferrer noopener\" href=\"index.cgi?wid_seccion=10\" target=\"_blank\">Publicaciones del ISTLyR<\/a><br><a rel=\"noreferrer noopener\" href=\"https:\/\/itinerariosdigital.wordpress.com\" target=\"_blank\">Revista Digital Itinerarios<\/a><\/p>\n\n\n\n<hr class=\"wp-block-separator has-css-opacity is-style-wide\"\/>\n\n\n\n<p>Dejamos un mail de contacto para quienes quisieran acercar comentarios, aportes y\/o consultas: <a href=\"mailto:istlyrareainvestigacion@gmail.com\" target=\"_blank\" rel=\"noreferrer noopener\">istlyrareainvestigacion@gmail.com<\/a><\/p>\n\n\n\n<p><strong>Florencia Soto y Paola Rubinsztain<\/strong><\/p>\n\n\n\n<p><strong><em>\u00c1reas de Investigaci\u00f3n \/ ISTLyR<\/em><\/strong><\/p>\n","protected":false},"excerpt":{"rendered":"<p>Producciones 2020 Proyecto: Las pr\u00e1cticas profesionalizantes que se implementan en las carreras del ISTLyR: impactos sobre el ejercicio profesional de les graduades y sobre los campos ocupacionales afines a sus perfiles de egreso.Informe por carrera: Tiempo Libre y Recreaci\u00f3n Proyecto: Las pr\u00e1cticas profesionalizantes que se implementan en las carreras del ISTLyR: impactos sobre el ejercicio &#8230; <a title=\"El ISTLyR investiga\" class=\"read-more\" href=\"https:\/\/istlyr-caba.infd.edu.ar\/sitio\/el-istlyr-investiga\/\" aria-label=\"More on El ISTLyR investiga\">[+]<\/a><\/p>\n","protected":false},"author":4,"featured_media":0,"parent":0,"menu_order":0,"comment_status":"closed","ping_status":"closed","template":"","meta":[],"acf":[],"_links":{"self":[{"href":"https:\/\/istlyr-caba.infd.edu.ar\/sitio\/wp-json\/wp\/v2\/pages\/5022"}],"collection":[{"href":"https:\/\/istlyr-caba.infd.edu.ar\/sitio\/wp-json\/wp\/v2\/pages"}],"about":[{"href":"https:\/\/istlyr-caba.infd.edu.ar\/sitio\/wp-json\/wp\/v2\/types\/page"}],"author":[{"embeddable":true,"href":"https:\/\/istlyr-caba.infd.edu.ar\/sitio\/wp-json\/wp\/v2\/users\/4"}],"replies":[{"embeddable":true,"href":"https:\/\/istlyr-caba.infd.edu.ar\/sitio\/wp-json\/wp\/v2\/comments?post=5022"}],"version-history":[{"count":3,"href":"https:\/\/istlyr-caba.infd.edu.ar\/sitio\/wp-json\/wp\/v2\/pages\/5022\/revisions"}],"predecessor-version":[{"id":5476,"href":"https:\/\/istlyr-caba.infd.edu.ar\/sitio\/wp-json\/wp\/v2\/pages\/5022\/revisions\/5476"}],"wp:attachment":[{"href":"https:\/\/istlyr-caba.infd.edu.ar\/sitio\/wp-json\/wp\/v2\/media?parent=5022"}],"curies":[{"name":"wp","href":"https:\/\/api.w.org\/{rel}","templated":true}]}}

<h2 class="wp-block-heading">Producciones</h2>



<h2 class="wp-block-heading">2020</h2>



<p><a href="https://istlyr-caba.infd.edu.ar/sitio/wp-content/uploads/2022/09/01recreacion.pdf" target="_blank" rel="noreferrer noopener">Proyecto: <strong>Las prácticas profesionalizantes que se implementan en las carreras del ISTLyR: impactos sobre el ejercicio profesional de les graduades y sobre los campos ocupacionales afines a sus perfiles de egreso.</strong><br>Informe por carrera: <strong>Tiempo Libre y Recreación</strong></a><br><br><a href="https://istlyr-caba.infd.edu.ar/sitio/wp-content/uploads/2022/09/02pyes.pdf" target="_blank" rel="noreferrer noopener">Proyecto: <strong>Las prácticas profesionalizantes que se implementan en las carreras del ISTLyR: impactos sobre el ejercicio profesional de les graduades y sobre los campos ocupacionales afines a sus perfiles de egreso.</strong><br>Informe por carrera: <strong>Pedagogía y Educación Social</strong></a><br><br><a href="https://istlyr-caba.infd.edu.ar/sitio/wp-content/uploads/2022/09/02comunicacion.pdf" target="_blank" rel="noreferrer noopener">Proyecto: <strong>Las prácticas profesionalizantes que se implementan en las carreras del ISTLyR: impactos sobre el ejercicio profesional de les graduades y sobre los campos ocupacionales afines a sus perfiles de egreso.</strong><br>Informe por carrera:<strong> Comunicación Social orientada al desarrollo local</strong></a><br><br><strong><a href="https://istlyr-caba.infd.edu.ar/sitio/wp-content/uploads/2022/09/retratos.pdf" target="_blank" rel="noreferrer noopener">Las inserciones profesionales de lxs técnicxs del Instituto Superior de Tiempo Libre y Recreación:<br>Retratos de graduadxs</a></strong></p>



<hr class="wp-block-separator has-css-opacity is-style-wide"/>



<h2 class="wp-block-heading">2022</h2>



<p>Serie de Documentos titulada&nbsp;<em>“El trabajo con estudiantes ingresantes en las tecnicaturas del Instituto Superior de Tiempo Libre y Recreación (CABA): propuestas pedagógicas, experiencias y reflexiones”</em>. El material presenta los resultados de un estudio coordinado por las Áreas de Investigación del instituto, en articulación con la Facultad de Filosofía y Letras (UBA), que se desarrolló a lo largo del 2021 con un equipo conformado por docentes de las tres carreras y una adscripta, y una referente de la facultad. El proyecto fue seleccionado en la convocatoria del Fondo Nacional de Investigaciones de Educación Técnico Profesional-INET (Ministerio de Educación, Cultura, Ciencia y Tecnología de la Nación), edición 2019.</p>



<p>La serie está integrada por cinco documentos:&nbsp;<a href="https://istlyr-caba.infd.edu.ar/sitio/wp-content/uploads/2022/05/01Resultados_generales.pdf" target="_blank" rel="noreferrer noopener">el primero, a modo de síntesis, desarrolla los principales hallazgos cualitativos</a>; los siguientes tres se enfocan en las particularidades de la tarea pedagógica en los tramos iniciales en cada una de las carreras (<a href="https://istlyr-caba.infd.edu.ar/sitio/wp-content/uploads/2022/05/02Recreacio%CC%81n.pdf" target="_blank" rel="noreferrer noopener">Tiempo Libre y Recreación,</a>&nbsp;<a href="https://istlyr-caba.infd.edu.ar/sitio/wp-content/uploads/2022/05/03Educacio%CC%81n.pdf" target="_blank" rel="noreferrer noopener">Pedagogía y Educación Social</a>&nbsp;y&nbsp;<a href="https://istlyr-caba.infd.edu.ar/sitio/wp-content/uploads/2022/05/04Comunicacion.pdf" target="_blank" rel="noreferrer noopener">Comunicación Social orientada al desarrollo local</a>) e incluyen la experiencia de los dispositivos institucionales de apoyo a estudiantes; el quinto documento – aún en elaboración- expone resultados cuantitativos relativos al perfil del equipo docente en su conjunto y a sus representaciones acerca de las temáticas bajo estudio.</p>



<hr class="wp-block-separator has-css-opacity is-style-wide"/>



<h2 class="wp-block-heading">Investigación institucional y del campo profesional</h2>



<p>La misión del Área consiste en ofrecer información relevante y sustantiva para el fortalecimiento del proyecto institucional, especialmente en lo que se refiere al perfil de los estudiantes, graduados, el rendimiento académico y las características del campo socio-ocupacional.</p>



<p><a href="https://istlyr-caba.infd.edu.ar/sitio/investigacion/">Ver Período anterior • Debora Kantor</a></p>



<hr class="wp-block-separator has-css-opacity is-style-wide"/>



<h2 class="wp-block-heading">Formación Teórica</h2>



<p><strong>Profesor Sergio Frugoni</strong></p>



<p>El Departamento de Formación Teórica cumple funciones ligadas al desarrollo de la producción académica de los estudiantes, docentes y egresados de las tres tecnicaturas del ISTLyR. Se trata de un espacio institucional clave para el crecimiento y promoción de la producción escrita en diversidad de formatos, géneros y soportes. Consideramos que el ISTLyR es un ámbito en el que no sólo se transmiten los conocimientos producidos en los diferentes campos disciplinares sino también un espacio de activa producción y socialización de conocimiento por parte de docentes, estudiantes y egresados.</p>



<p>Una de las tareas centrales del Departamento es ocuparse del área editorial de la institución. Al momento se han editado más de diez publicaciones referidas a las tres tecnicaturas así como la Revista Itinerarios digital, una publicación virtual bimensual.</p>



<p><a rel="noreferrer noopener" href="index.cgi?wid_seccion=10" target="_blank">Publicaciones del ISTLyR</a><br><a rel="noreferrer noopener" href="https://itinerariosdigital.wordpress.com" target="_blank">Revista Digital Itinerarios</a></p>



<hr class="wp-block-separator has-css-opacity is-style-wide"/>



<p>Dejamos un mail de contacto para quienes quisieran acercar comentarios, aportes y/o consultas: <a href="mailto:istlyrareainvestigacion@gmail.com" target="_blank" rel="noreferrer noopener">istlyrareainvestigacion@gmail.com</a></p>



<p><strong>Florencia Soto y Paola Rubinsztain</strong></p>



<p><strong><em>Áreas de Investigación / ISTLyR</em></strong></p>

<p>Producciones 2020 Proyecto: Las prácticas profesionalizantes que se implementan en las carreras del ISTLyR: impactos sobre el ejercicio profesional de les graduades y sobre los campos ocupacionales afines a sus perfiles de egreso.Informe por carrera: Tiempo Libre y Recreación Proyecto: Las prácticas profesionalizantes que se implementan en las carreras del ISTLyR: impactos sobre el ejercicio &#8230; <a title="El ISTLyR investiga" class="read-more" href="https://istlyr-caba.infd.edu.ar/sitio/el-istlyr-investiga/" aria-label="More on El ISTLyR investiga">[+]</a></p>
