{"id":1535,"date":"2018-07-03T13:12:14","date_gmt":"2018-07-03T16:12:14","guid":{"rendered":"https:\/\/istlyr-caba.infd.edu.ar\/sitio\/ciclos-de-complementacion\/"},"modified":"2025-04-05T10:39:46","modified_gmt":"2025-04-05T13:39:46","slug":"ciclos-de-complementacion","status":"publish","type":"page","link":"https:\/\/istlyr-caba.infd.edu.ar\/sitio\/ciclos-de-complementacion\/","title":{"rendered":"Ciclos de complementaci\u00f3n"},"content":{"rendered":"<p>Los egresados de la<strong> Tecnicatura Superior en Tiempo Libre y Recreaci\u00f3n<\/strong> tienen la posibilidad de continuar sus estudios en diversas Universidades Nacionales:<\/p>\n<p>Licenciatura en Educaci\u00f3n en la <a href=\"http:\/\/unahur.edu.ar\/site\/\" target=\"_blank\" rel=\"noopener\">Universidad Nacional de Hurlingham\u00a0<\/a><\/p>\n<p>Licenciatura en Turismo Sustentable en la <a href=\"https:\/\/www.unicen.edu.ar\/\" target=\"_blank\" rel=\"noopener\">Universidad Nac ional del Centro de la Provincia de Buenos Aires &#8211; UNICEN<\/a><\/p>\n<p><strong><br \/>\nCiclo de Complementaci\u00f3n \/ Formaci\u00f3n Docente<\/strong><\/p>\n<p>Los <strong>egresados de las tres carreras<\/strong> tienen la posibilidad de realizar un Ciclo de Formaci\u00f3n Pedag\u00f3gica para desempe\u00f1arse en los Niveles Primario y Secundario.\u00a0Pueden realizarlo en el\u00a0<a href=\"http:\/\/juanbjusto.buenosaires.edu.ar\/institucional.html\" target=\"_blank\" rel=\"noopener\">\u200bInstituto de Educaci\u00f3n Superior Juan B. Justo<\/a>\u00a0y en otras instituciones de la Ciudad y la Provincia de Buenos Aires.<\/p>\n","protected":false},"excerpt":{"rendered":"<p>Los egresados de la Tecnicatura Superior en Tiempo Libre y Recreaci\u00f3n tienen la posibilidad de continuar sus estudios en diversas Universidades Nacionales: Licenciatura en Educaci\u00f3n en la Universidad Nacional de Hurlingham\u00a0 Licenciatura en Turismo Sustentable en la Universidad Nac ional del Centro de la Provincia de Buenos Aires &#8211; UNICEN Ciclo de Complementaci\u00f3n \/ Formaci\u00f3n &#8230; <a title=\"Ciclos de complementaci\u00f3n\" class=\"read-more\" href=\"https:\/\/istlyr-caba.infd.edu.ar\/sitio\/ciclos-de-complementacion\/\" aria-label=\"More on Ciclos de complementaci\u00f3n\">[+]<\/a><\/p>\n","protected":false},"author":19,"featured_media":0,"parent":0,"menu_order":0,"comment_status":"closed","ping_status":"closed","template":"","meta":[],"acf":[],"_links":{"self":[{"href":"https:\/\/istlyr-caba.infd.edu.ar\/sitio\/wp-json\/wp\/v2\/pages\/1535"}],"collection":[{"href":"https:\/\/istlyr-caba.infd.edu.ar\/sitio\/wp-json\/wp\/v2\/pages"}],"about":[{"href":"https:\/\/istlyr-caba.infd.edu.ar\/sitio\/wp-json\/wp\/v2\/types\/page"}],"author":[{"embeddable":true,"href":"https:\/\/istlyr-caba.infd.edu.ar\/sitio\/wp-json\/wp\/v2\/users\/19"}],"replies":[{"embeddable":true,"href":"https:\/\/istlyr-caba.infd.edu.ar\/sitio\/wp-json\/wp\/v2\/comments?post=1535"}],"version-history":[{"count":4,"href":"https:\/\/istlyr-caba.infd.edu.ar\/sitio\/wp-json\/wp\/v2\/pages\/1535\/revisions"}],"predecessor-version":[{"id":6894,"href":"https:\/\/istlyr-caba.infd.edu.ar\/sitio\/wp-json\/wp\/v2\/pages\/1535\/revisions\/6894"}],"wp:attachment":[{"href":"https:\/\/istlyr-caba.infd.edu.ar\/sitio\/wp-json\/wp\/v2\/media?parent=1535"}],"curies":[{"name":"wp","href":"https:\/\/api.w.org\/{rel}","templated":true}]}}