{"id":1485,"date":"2018-07-03T13:11:53","date_gmt":"2018-07-03T16:11:53","guid":{"rendered":"https:\/\/istlyr-caba.infd.edu.ar\/sitio\/noveles-o-nobeles-una-experiencia-de-acompanamiento-a-educadores-y-educadoras-sociales\/"},"modified":"2024-08-12T11:03:09","modified_gmt":"2024-08-12T14:03:09","slug":"noveles-o-nobeles-una-experiencia-de-acompanamiento-a-educadores-y-educadoras-sociales","status":"publish","type":"page","link":"https:\/\/istlyr-caba.infd.edu.ar\/sitio\/noveles-o-nobeles-una-experiencia-de-acompanamiento-a-educadores-y-educadoras-sociales\/","title":{"rendered":"\u00bfNoveles o nobeles? Una experiencia de acompa\u00f1amiento a educadores y educadoras sociales"},"content":{"rendered":"\n<figure class=\"wp-block-image\"><img decoding=\"async\" src=\"https:\/\/istlyr-caba.infd.edu.ar\/sitio\/wp-content\/uploads\/2018\/07\/noveles_tapa.jpg\" alt=\"\"\/><\/figure>\n\n\n\n<p><strong>Colecci\u00f3n Dossier del ISTLYR. <\/strong><br>Este libro es el resultado de un extenso trabajo de documentaci\u00f3n de la experiencia de acompa\u00f1amiento a educadores sociales principiantes. El punto de partida: los enfoques que se\u00f1alan la importancia de la escritura en la pr\u00e1ctica educativa como estrategia para la producci\u00f3n de conocimiento y el desarrollo profesional. Los art\u00edculos recorren los aspectos metodol\u00f3gicos y te\u00f3ricos del acompa\u00f1amiento y tambi\u00e9n sus dilemas, sentidos y bifurcaciones.<\/p>\n\n\n\n<p><strong>Si necesitas consultar o adquirir estas publicaciones en su versi\u00f3n impresa podes hacerlo en la Biblioteca del ISTLyR.&nbsp;<\/strong><\/p>\n\n\n\n<p><strong>Pod\u00e9s descargar la publicaci\u00f3n haciendo click <a href=\"https:\/\/drive.google.com\/file\/d\/1SIEQoo0CJyrPYvNEjUZ_lpf4G8i2E0AZ\/view?usp=sharing\" target=\"_blank\" rel=\"noreferrer noopener\">aqu\u00ed.<\/a><\/strong><\/p>\n\n\n\n<p class=\"has-small-font-size\"><strong><span style=\"font-size: 18pt;\">Indice<\/span><\/strong><br><strong>Pr\u00f3logo<br><\/strong>por Beatriz Alen<br><strong><br>Cap\u00edtulo 1.\u00a0En busca de una forma posible:\u00a0<\/strong><br><strong>la reescritura del proyecto<br><\/strong>por Valeria Sardi<br><strong><br>Cap\u00edtulo 2.\u00a0Reflexiones acerca de la identidad del novel<br><\/strong>por Ana Laura Garc\u00eda y Mar\u00eda Ana Monzani<br><strong><br>Cap\u00edtulo 3.\u00a0La experiencia de ser novel: tensiones\u00a0y complejidades<br>en el ejercicio, el registro\u00a0y la reflexi\u00f3n de la pr\u00e1ctica educativa<br><\/strong>por Silvina Kurlat, Lorena Lasa y Gabriel Moscovici<br><strong><br>Cap\u00edtulo 4.\u00a0Lo que hace oficio: acerca de la necesidad\u00a0de armar(se) acompa\u00f1amientos<br><\/strong>por Evangelina Canciano y Graciela Soler<br><strong><br>Cap\u00edtulo 5.\u00a0Los dispositivos formativos puestos a prueba\u00a0en la experiencia<br>de acompa\u00f1amiento de noveles:\u00a0aportes a la construcci\u00f3n de la Pedagog\u00eda\u00a0y Educaci\u00f3n Social<br><\/strong>por Adriana Serulnikov<\/p>\n\n\n\n<hr class=\"wp-block-separator has-alpha-channel-opacity\"\/>\n\n\n\n<p><strong><span style=\"font-size: 18pt;\">En busca de una forma&nbsp;posible: la reescritura&nbsp;del proyecto<\/span><\/strong><br><em>por Valeria Sardi<br><\/em><br>\u00bfC\u00f3mo dar cuenta de la experiencia del Proyecto de Mejora Institucional \u201cEl acompa\u00f1amiento a educadores y educadoras noveles en la construcci\u00f3n del rol profesional\u201d? \u00bfC\u00f3mo hacer dialogar las ideas que ten\u00edamos al inicio de este proceso y las que fuimos produciendo en el intercambio entre colegas y noveles a lo largo del proyecto? \u00bfQu\u00e9 distancias, tensiones o acercamientos encontramos entre el boceto y la experiencia concreta?<\/p>\n\n\n\n<p>Estas preguntas nos llevan a interrogarnos, como lo hace Roland Barthes para referirse al proceso de escribir una novela, \u201cpasar del Proyecto a la Fabricaci\u00f3n \u00bfd\u00f3nde est\u00e1 la dificultad?\u201d (Barthes, 2005:333); es decir, c\u00f3mo el proyecto devino pr\u00e1ctica y experiencia, realizaci\u00f3n concreta de las ideas previas que hab\u00edamos bocetado en el 2011. De ah\u00ed que se tratar\u00eda de dar cuenta de un contenido a desarrollar a lo largo de la experiencia que se configura de una forma determinada, en unas maneras singulares de la pr\u00e1ctica donde sujetos, saberes, contextos y pr\u00e1cticas se conjugan para armar una figura, unas formas particulares, unos modos de hacer. En este cap\u00edtulo intentaremos dibujar c\u00f3mo se constituy\u00f3 la experiencia, a partir de un recorrido posible por las distintas instancias de realizaci\u00f3n del Proyecto de Mejora.<\/p>\n\n\n\n<p><strong>Bocetar ideas<\/strong><br>Cuando empezamos a imaginar este proyecto, nos propon\u00edamos abordar el campo de \u201cla formaci\u00f3n continua de los educadores y educadoras sociales acompa\u00f1\u00e1ndolos en sus \u201cprimeros pasos\u201d en el ejercicio profesional\u201d, es decir, orientar, asesorar, guiar, acompa\u00f1ar los primeros desempe\u00f1os profesionales de educadores y educadoras egresadas\/os de nuestro instituto que, como dec\u00edamos en el proyecto inicial demandaban \u201cvolver a encontrarse\u201d con compa\u00f1eros\/as, con docentes, con referentes de la Carrera, una vez que han terminado sus estudios. Cuando se indaga acerca de ese \u201cquerer volver\u201d, aparece la necesidad de volver a encontrar un espacio para pensar lo que les pasa, pensarse en sus trabajos, en la intervenci\u00f3n, debatir con otros\/as, sentirse acompa\u00f1ados\/as y supervisados\/ as en la pr\u00e1ctica. En muchos casos, evocan situaciones vividas en el trayecto de Pr\u00e1cticas Profesionalizantes de la Carrera, donde estas situaciones encontraban un lugar natural.\u201d Es decir, el Proyecto de Mejora se configuraba como un espacio de encuentro, intercambio y formaci\u00f3n para los\/as graduados\/as en Educaci\u00f3n Social de nuestro instituto y, a su vez, como un lugar donde poder reflexionar sobre sus primeras experiencias profesionales.<\/p>\n\n\n\n<p><strong><span style=\"font-size: 18pt;\">Los dispositivos formativos puestos a prueba en la experiencia de acompa\u00f1amiento de noveles: aportes a la construcci\u00f3n de la Pedagog\u00eda y Educaci\u00f3n Social<\/span><\/strong><br><em>Por Adriana Serulnikov<\/em><\/p>\n\n\n\n<p>En 2012, el proyecto \u201cAcompa\u00f1amiento a Educadores y Educadoras sociales Noveles\u201d resultaba novedoso para el Instituto, para la Carrera de PyES15 y para muchos (o la mayor\u00eda) de sus participantes. El dispositivo de acompa\u00f1amiento que el ISTLyR16 puso a prueba dio c ita a un grupo de profesionales con t rayectorias diversas por su extensi\u00f3n y por su sesgo m\u00e1s acad\u00e9mico o de trabajo en territorio, que ten\u00eda en com\u00fan inquietudes diversas pero referidas a un mismo campo: el de la Pedagog\u00eda y la Educaci\u00f3n Social. Campo que, seg\u00fan se explicitaba en la presentaci\u00f3n del proyecto17, a\u00fan \u201cse encuentra en construcci\u00f3n\u201d. La convocatoria se fundaba m\u00e1s en el supuesto de estos intereses afines que en la certeza de que sus participantes compart\u00edamos una identidad profesional y reconocida como tal por cada uno\/a. Por estos y otros motivos que se exponen m\u00e1s adelante, la propuesta asum\u00eda as\u00ed desaf\u00edos considerables.<\/p>\n\n\n\n<p>En principio, resultaba necesario producir consignas convocantes que habilitaran el di\u00e1logo entre distintos sujetos e instituciones, que esta iniciativa posicionaba como \u201cacompa\u00f1ante-acompa\u00f1ado\u201d, y crear una serie de dispositivos donde las pr\u00e1cticas pudieran ser objeto de an\u00e1lisis desde los ejes conceptuales demarcados inicialmente18. Tarea tambi\u00e9n de complejidad considerable ya que implicaba reunir desde otro encuadre a sujetos que por fuera de este espacio desempe\u00f1aban roles asim\u00e9tricos, sea como coordinador\/a de una organizaci\u00f3n y coordinado\/a, o como profesor\/a de la Carrera de PyES y alumno\/a o exalumno\/a, y considerando que el peso de esa historia o la actualidad de esos v\u00ednculos pon\u00eda en juego relaciones asim\u00e9tricas y necesariamente, \u201cde poder\u201d.<\/p>\n\n\n\n<p>Observaba una coordinadora del proyecto luego de un ateneo: \u201ctodav\u00eda cada docente habla desde su lugar de experto y no se pudo romper esa distancia con los noveles\u201d. De hecho, la preocupaci\u00f3n por el lugar desde el cual interven\u00eda cada uno\/a atraves\u00f3 la experiencia en sus distintos espacios (los grupales y tambi\u00e9n interpersonales) por distintos motivos. Particularmente, nos preguntamos por las implicancias de que las pr\u00e1cticas puestas bajo an\u00e1lisis fueran solo las de los noveles y que esto ocurriera en una situaci\u00f3n de desigualdad de posiciones. \u00bfC\u00f3mo resguardar que esa \u201cexposici\u00f3n\u201d p\u00fablica de algunos aspectos de sus pr\u00e1cticas ante docentes del Instituto y tambi\u00e9n de los responsables de las organizaciones participantes, los expusiera (valga la redundancia) a situaciones que pudieran fragilizar su posici\u00f3n en esos \u00e1mbitos de desempe\u00f1o laboral?.<\/p>\n","protected":false},"excerpt":{"rendered":"<p>Colecci\u00f3n Dossier del ISTLYR. Este libro es el resultado de un extenso trabajo de documentaci\u00f3n de la experiencia de acompa\u00f1amiento a educadores sociales principiantes. El punto de partida: los enfoques que se\u00f1alan la importancia de la escritura en la pr\u00e1ctica educativa como estrategia para la producci\u00f3n de conocimiento y el desarrollo profesional. Los art\u00edculos recorren &#8230; <a title=\"\u00bfNoveles o nobeles? Una experiencia de acompa\u00f1amiento a educadores y educadoras sociales\" class=\"read-more\" href=\"https:\/\/istlyr-caba.infd.edu.ar\/sitio\/noveles-o-nobeles-una-experiencia-de-acompanamiento-a-educadores-y-educadoras-sociales\/\" aria-label=\"More on \u00bfNoveles o nobeles? Una experiencia de acompa\u00f1amiento a educadores y educadoras sociales\">[+]<\/a><\/p>\n","protected":false},"author":19,"featured_media":0,"parent":0,"menu_order":0,"comment_status":"closed","ping_status":"closed","template":"","meta":[],"acf":[],"_links":{"self":[{"href":"https:\/\/istlyr-caba.infd.edu.ar\/sitio\/wp-json\/wp\/v2\/pages\/1485"}],"collection":[{"href":"https:\/\/istlyr-caba.infd.edu.ar\/sitio\/wp-json\/wp\/v2\/pages"}],"about":[{"href":"https:\/\/istlyr-caba.infd.edu.ar\/sitio\/wp-json\/wp\/v2\/types\/page"}],"author":[{"embeddable":true,"href":"https:\/\/istlyr-caba.infd.edu.ar\/sitio\/wp-json\/wp\/v2\/users\/19"}],"replies":[{"embeddable":true,"href":"https:\/\/istlyr-caba.infd.edu.ar\/sitio\/wp-json\/wp\/v2\/comments?post=1485"}],"version-history":[{"count":4,"href":"https:\/\/istlyr-caba.infd.edu.ar\/sitio\/wp-json\/wp\/v2\/pages\/1485\/revisions"}],"predecessor-version":[{"id":6106,"href":"https:\/\/istlyr-caba.infd.edu.ar\/sitio\/wp-json\/wp\/v2\/pages\/1485\/revisions\/6106"}],"wp:attachment":[{"href":"https:\/\/istlyr-caba.infd.edu.ar\/sitio\/wp-json\/wp\/v2\/media?parent=1485"}],"curies":[{"name":"wp","href":"https:\/\/api.w.org\/{rel}","templated":true}]}}

¿Noveles o nobeles? Una experiencia de acompañamiento a educadores y educadoras sociales

<figure class="wp-block-image"><img decoding="async" src="https://istlyr-caba.infd.edu.ar/sitio/wp-content/uploads/2018/07/noveles_tapa.jpg" alt=""/></figure>



<p><strong>Colección Dossier del ISTLYR. </strong><br>Este libro es el resultado de un extenso trabajo de documentación de la experiencia de acompañamiento a educadores sociales principiantes. El punto de partida: los enfoques que señalan la importancia de la escritura en la práctica educativa como estrategia para la producción de conocimiento y el desarrollo profesional. Los artículos recorren los aspectos metodológicos y teóricos del acompañamiento y también sus dilemas, sentidos y bifurcaciones.</p>



<p><strong>Si necesitas consultar o adquirir estas publicaciones en su versión impresa podes hacerlo en la Biblioteca del ISTLyR.&nbsp;</strong></p>



<p><strong>Podés descargar la publicación haciendo click <a href="https://drive.google.com/file/d/1SIEQoo0CJyrPYvNEjUZ_lpf4G8i2E0AZ/view?usp=sharing" target="_blank" rel="noreferrer noopener">aquí.</a></strong></p>



<p class="has-small-font-size"><strong><span style="font-size: 18pt;">Indice</span></strong><br><strong>Prólogo<br></strong>por Beatriz Alen<br><strong><br>Capítulo 1. En busca de una forma posible: </strong><br><strong>la reescritura del proyecto<br></strong>por Valeria Sardi<br><strong><br>Capítulo 2. Reflexiones acerca de la identidad del novel<br></strong>por Ana Laura García y María Ana Monzani<br><strong><br>Capítulo 3. La experiencia de ser novel: tensiones y complejidades<br>en el ejercicio, el registro y la reflexión de la práctica educativa<br></strong>por Silvina Kurlat, Lorena Lasa y Gabriel Moscovici<br><strong><br>Capítulo 4. Lo que hace oficio: acerca de la necesidad de armar(se) acompañamientos<br></strong>por Evangelina Canciano y Graciela Soler<br><strong><br>Capítulo 5. Los dispositivos formativos puestos a prueba en la experiencia<br>de acompañamiento de noveles: aportes a la construcción de la Pedagogía y Educación Social<br></strong>por Adriana Serulnikov</p>



<hr class="wp-block-separator has-alpha-channel-opacity"/>



<p><strong><span style="font-size: 18pt;">En busca de una forma&nbsp;posible: la reescritura&nbsp;del proyecto</span></strong><br><em>por Valeria Sardi<br></em><br>¿Cómo dar cuenta de la experiencia del Proyecto de Mejora Institucional “El acompañamiento a educadores y educadoras noveles en la construcción del rol profesional”? ¿Cómo hacer dialogar las ideas que teníamos al inicio de este proceso y las que fuimos produciendo en el intercambio entre colegas y noveles a lo largo del proyecto? ¿Qué distancias, tensiones o acercamientos encontramos entre el boceto y la experiencia concreta?</p>



<p>Estas preguntas nos llevan a interrogarnos, como lo hace Roland Barthes para referirse al proceso de escribir una novela, “pasar del Proyecto a la Fabricación ¿dónde está la dificultad?” (Barthes, 2005:333); es decir, cómo el proyecto devino práctica y experiencia, realización concreta de las ideas previas que habíamos bocetado en el 2011. De ahí que se trataría de dar cuenta de un contenido a desarrollar a lo largo de la experiencia que se configura de una forma determinada, en unas maneras singulares de la práctica donde sujetos, saberes, contextos y prácticas se conjugan para armar una figura, unas formas particulares, unos modos de hacer. En este capítulo intentaremos dibujar cómo se constituyó la experiencia, a partir de un recorrido posible por las distintas instancias de realización del Proyecto de Mejora.</p>



<p><strong>Bocetar ideas</strong><br>Cuando empezamos a imaginar este proyecto, nos proponíamos abordar el campo de “la formación continua de los educadores y educadoras sociales acompañándolos en sus “primeros pasos” en el ejercicio profesional”, es decir, orientar, asesorar, guiar, acompañar los primeros desempeños profesionales de educadores y educadoras egresadas/os de nuestro instituto que, como decíamos en el proyecto inicial demandaban “volver a encontrarse” con compañeros/as, con docentes, con referentes de la Carrera, una vez que han terminado sus estudios. Cuando se indaga acerca de ese “querer volver”, aparece la necesidad de volver a encontrar un espacio para pensar lo que les pasa, pensarse en sus trabajos, en la intervención, debatir con otros/as, sentirse acompañados/as y supervisados/ as en la práctica. En muchos casos, evocan situaciones vividas en el trayecto de Prácticas Profesionalizantes de la Carrera, donde estas situaciones encontraban un lugar natural.” Es decir, el Proyecto de Mejora se configuraba como un espacio de encuentro, intercambio y formación para los/as graduados/as en Educación Social de nuestro instituto y, a su vez, como un lugar donde poder reflexionar sobre sus primeras experiencias profesionales.</p>



<p><strong><span style="font-size: 18pt;">Los dispositivos formativos puestos a prueba en la experiencia de acompañamiento de noveles: aportes a la construcción de la Pedagogía y Educación Social</span></strong><br><em>Por Adriana Serulnikov</em></p>



<p>En 2012, el proyecto “Acompañamiento a Educadores y Educadoras sociales Noveles” resultaba novedoso para el Instituto, para la Carrera de PyES15 y para muchos (o la mayoría) de sus participantes. El dispositivo de acompañamiento que el ISTLyR16 puso a prueba dio c ita a un grupo de profesionales con t rayectorias diversas por su extensión y por su sesgo más académico o de trabajo en territorio, que tenía en común inquietudes diversas pero referidas a un mismo campo: el de la Pedagogía y la Educación Social. Campo que, según se explicitaba en la presentación del proyecto17, aún “se encuentra en construcción”. La convocatoria se fundaba más en el supuesto de estos intereses afines que en la certeza de que sus participantes compartíamos una identidad profesional y reconocida como tal por cada uno/a. Por estos y otros motivos que se exponen más adelante, la propuesta asumía así desafíos considerables.</p>



<p>En principio, resultaba necesario producir consignas convocantes que habilitaran el diálogo entre distintos sujetos e instituciones, que esta iniciativa posicionaba como “acompañante-acompañado”, y crear una serie de dispositivos donde las prácticas pudieran ser objeto de análisis desde los ejes conceptuales demarcados inicialmente18. Tarea también de complejidad considerable ya que implicaba reunir desde otro encuadre a sujetos que por fuera de este espacio desempeñaban roles asimétricos, sea como coordinador/a de una organización y coordinado/a, o como profesor/a de la Carrera de PyES y alumno/a o exalumno/a, y considerando que el peso de esa historia o la actualidad de esos vínculos ponía en juego relaciones asimétricas y necesariamente, “de poder”.</p>



<p>Observaba una coordinadora del proyecto luego de un ateneo: “todavía cada docente habla desde su lugar de experto y no se pudo romper esa distancia con los noveles”. De hecho, la preocupación por el lugar desde el cual intervenía cada uno/a atravesó la experiencia en sus distintos espacios (los grupales y también interpersonales) por distintos motivos. Particularmente, nos preguntamos por las implicancias de que las prácticas puestas bajo análisis fueran solo las de los noveles y que esto ocurriera en una situación de desigualdad de posiciones. ¿Cómo resguardar que esa “exposición” pública de algunos aspectos de sus prácticas ante docentes del Instituto y también de los responsables de las organizaciones participantes, los expusiera (valga la redundancia) a situaciones que pudieran fragilizar su posición en esos ámbitos de desempeño laboral?.</p>

<p>Colección Dossier del ISTLYR. Este libro es el resultado de un extenso trabajo de documentación de la experiencia de acompañamiento a educadores sociales principiantes. El punto de partida: los enfoques que señalan la importancia de la escritura en la práctica educativa como estrategia para la producción de conocimiento y el desarrollo profesional. Los artículos recorren &#8230; <a title="¿Noveles o nobeles? Una experiencia de acompañamiento a educadores y educadoras sociales" class="read-more" href="https://istlyr-caba.infd.edu.ar/sitio/noveles-o-nobeles-una-experiencia-de-acompanamiento-a-educadores-y-educadoras-sociales/" aria-label="More on ¿Noveles o nobeles? Una experiencia de acompañamiento a educadores y educadoras sociales">[+]</a></p>
