{"id":1449,"date":"2018-07-03T13:11:36","date_gmt":"2018-07-03T16:11:36","guid":{"rendered":"https:\/\/istlyr-caba.infd.edu.ar\/sitio\/comunicacion-institucional\/"},"modified":"2023-03-27T11:11:14","modified_gmt":"2023-03-27T14:11:14","slug":"comunicacion-institucional","status":"publish","type":"page","link":"https:\/\/istlyr-caba.infd.edu.ar\/sitio\/comunicacion-institucional\/","title":{"rendered":"Comunicaci\u00f3n institucional"},"content":{"rendered":"<p>En el \u00e1rea buscamos potenciar la comunicaci\u00f3n interna (entre docentes, estudiantes y graduades) y externa (instituciones educativas o vinculadas con la educaci\u00f3n de la Ciudad de Buenos Aires y del resto del pa\u00eds). Organizar la gesti\u00f3n de la informaci\u00f3n para contribuir a la democratizaci\u00f3n y transparencia del funcionamiento institucional del ISTLyR en todas sus \u00e1reas. Asesorar t\u00e9cnica y conceptualmente a los diversos actores institucionales respecto del dise\u00f1o de materiales impresos y digitales necesarios para la gesti\u00f3n institucional y acad\u00e9mica. Colaborar con las necesidades de expresi\u00f3n, conocimiento y est\u00edmulo a la producci\u00f3n intelectual y a su circulaci\u00f3n. Mejorar la funci\u00f3n social y educativa del Instituto.<\/p>\n<p><strong>Son parte de nuestra tarea:<\/strong><\/p>\n<ul>\n<li>La imagen global e identitaria del instituto.<\/li>\n<li>La difusi\u00f3n digital e impresa de las tres carreras del instituto y todas sus actividades a trav\u00e9s de redes sociales (Instagram\/WhatsApp\/Facebook), mailing y piezas impresas.<\/li>\n<li>La difusi\u00f3n audiovisual de las tres carreras del instituto y todas sus actividades a trav\u00e9s de redes sociales (Instagram\/WhatsApp\/YouTube).<\/li>\n<li>La actualizaci\u00f3n de la p\u00e1gina web y el campus virtual.<\/li>\n<li>El dise\u00f1o editorial de las publicaciones del instituto.<\/li>\n<li>El dise\u00f1o y actualizaci\u00f3n de la Revista institucional digital <em>Itinerarios.<\/em><\/li>\n<\/ul>\n<p><strong>Lic. Marisa Okretic<br \/>\nDG. Florencia Croccia<br \/>\nLic. Luis Escuredo<\/strong><\/p>\n<p><strong>Contacto:<\/strong> <a href=\"mailto:istlyrcomunicacion@gmail.com\">istlyrcomunicacion@gmail.com<\/a><\/p>\n","protected":false},"excerpt":{"rendered":"<p>En el \u00e1rea buscamos potenciar la comunicaci\u00f3n interna (entre docentes, estudiantes y graduades) y externa (instituciones educativas o vinculadas con la educaci\u00f3n de la Ciudad de Buenos Aires y del resto del pa\u00eds). Organizar la gesti\u00f3n de la informaci\u00f3n para contribuir a la democratizaci\u00f3n y transparencia del funcionamiento institucional del ISTLyR en todas sus \u00e1reas. &#8230; <a title=\"Comunicaci\u00f3n institucional\" class=\"read-more\" href=\"https:\/\/istlyr-caba.infd.edu.ar\/sitio\/comunicacion-institucional\/\" aria-label=\"More on Comunicaci\u00f3n institucional\">[+]<\/a><\/p>\n","protected":false},"author":19,"featured_media":0,"parent":0,"menu_order":0,"comment_status":"closed","ping_status":"closed","template":"","meta":[],"acf":[],"_links":{"self":[{"href":"https:\/\/istlyr-caba.infd.edu.ar\/sitio\/wp-json\/wp\/v2\/pages\/1449"}],"collection":[{"href":"https:\/\/istlyr-caba.infd.edu.ar\/sitio\/wp-json\/wp\/v2\/pages"}],"about":[{"href":"https:\/\/istlyr-caba.infd.edu.ar\/sitio\/wp-json\/wp\/v2\/types\/page"}],"author":[{"embeddable":true,"href":"https:\/\/istlyr-caba.infd.edu.ar\/sitio\/wp-json\/wp\/v2\/users\/19"}],"replies":[{"embeddable":true,"href":"https:\/\/istlyr-caba.infd.edu.ar\/sitio\/wp-json\/wp\/v2\/comments?post=1449"}],"version-history":[{"count":3,"href":"https:\/\/istlyr-caba.infd.edu.ar\/sitio\/wp-json\/wp\/v2\/pages\/1449\/revisions"}],"predecessor-version":[{"id":5384,"href":"https:\/\/istlyr-caba.infd.edu.ar\/sitio\/wp-json\/wp\/v2\/pages\/1449\/revisions\/5384"}],"wp:attachment":[{"href":"https:\/\/istlyr-caba.infd.edu.ar\/sitio\/wp-json\/wp\/v2\/media?parent=1449"}],"curies":[{"name":"wp","href":"https:\/\/api.w.org\/{rel}","templated":true}]}}