{"id":1439,"date":"2018-07-03T13:11:33","date_gmt":"2018-07-03T16:11:33","guid":{"rendered":"https:\/\/istlyr-caba.infd.edu.ar\/sitio\/investigacion\/"},"modified":"2023-06-12T10:08:22","modified_gmt":"2023-06-12T13:08:22","slug":"investigacion","status":"publish","type":"page","link":"https:\/\/istlyr-caba.infd.edu.ar\/sitio\/investigacion\/","title":{"rendered":"Investigaci\u00f3n"},"content":{"rendered":"<p><strong>Profesora Debora Kantor<\/strong><\/p>\n<p><strong>Objetivos del Departamento de Investigaci\u00f3n<\/strong><\/p>\n<ul>\n<li>Desarrollar y apoyar proyectos de investigaci\u00f3n sobre temas y problemas concernientes a los campos de actuaci\u00f3n implicados en el Instituto.<\/li>\n<li>Poner a disposici\u00f3n de docentes, estudiantes y graduados encuadres conceptuales y metodol\u00f3gicos, desarrollos te\u00f3ricos y resultados de diverso tipo producidos en el marco de investigaciones relevantes.<\/li>\n<li>Propiciar y mantener vinculaciones interinstitucionales y acuerdos de cooperaci\u00f3n en materia de investigaci\u00f3n y difusi\u00f3n de conocimiento.<\/li>\n<li>Facilitar el involucramiento de docentes, estudiantes y graduados en investigaci\u00f3n llevadas a cabo en el ISTLyR, desde el DI y\/o por grupos o instituciones con los que se establezcan acuerdos de trabajo conjunto.<\/li>\n<\/ul>\n<p><strong><br \/>\nActividades previstas para el per\u00edodo en curso<\/strong><\/p>\n<ul>\n<li>Acciones relacionadas con la difusi\u00f3n de los resultados de la investigaci\u00f3n <em>\u201cIntervenciones comunitarias con eje en el deporte. La experiencia de la Escuela de Boxeo para adolescentes y j\u00f3venes de Barracas\u201d.<\/em> Puesta en circulaci\u00f3n de la publicaci\u00f3n institucional \u201cA partir del Box\u201d.<\/li>\n<li>Actividad de presentaci\u00f3n e intercambio con alumnos y docentes del ISTLyR.<\/li>\n<li>Difusi\u00f3n de la publicaci\u00f3n y de la experiencia realizada en instituciones y \u00e1mbitos diversos: proyectos sociales, organismos ligados al deporte en contextos comunitarios, institutos de formaci\u00f3n y de investigaci\u00f3n.<\/li>\n<li>Participaci\u00f3n en encuentros acad\u00e9micos vinculados con la tem\u00e1tica que aborda el estudio. Pr\u00f3ximamente, en las IX Jornadas de Sociolog\u00eda: \u201cLas ciencias sociales en escenarios de cambio\u201d \/ G.T. N\u00b0 2: \u201cSociolog\u00eda de las infancias y juventudes en los m\u00e1rgenes\u201d. Mayo de 2017.<\/li>\n<li>Colaboraci\u00f3n con otras \u00c1reas y Departamentos del ISTLyR para la organizaci\u00f3n de eventos acad\u00e9micos en torno a investigaciones e intervenciones sobre temas y problemas relevantes para docentes, estudiantes y graduados del Instituto.<\/li>\n<li>Difusi\u00f3n de investigaciones y eventos vinculados a investigaciones que resulten de inter\u00e9s para la formaci\u00f3n que brinda el ISTLyR.<\/li>\n<li>Ampliaci\u00f3n de estrategias para la visibilizaci\u00f3n del DI en tanto espacio referencia y de consulta en materia de investigaci\u00f3n dentro del ISTLyR.<\/li>\n<li>B\u00fasqueda y an\u00e1lisis de factibilidad y de oportunidades existentes para emprender nuevos proyectos institucionales de investigaci\u00f3n.<\/li>\n<\/ul>\n<p><strong><br \/>\nConferencias y documentos<\/strong><\/p>\n<p><a title=\"Intervenciones comunitarias con eje en el deporte\" href=\"https:\/\/istlyr-caba.infd.edu.ar\/sitio\/wp-content\/uploads\/2020\/12\/Informe-final-Proyecto-ISTLyR-ACCLekotek.pdf\">\u2022 Fortalecimiento de la trayectoria educativa de estudiantes sordes en el Nivel Superior. La experiencia del Instituto Superior de Tiempo Libre y Recreaci\u00f3n.<\/a><br \/>\n<a title=\"Intervenciones comunitarias con eje en el deporte\" href=\"index.cgi?wid_news=65&amp;wAccion=news\">\u2022 Intervenciones comunitarias con eje en el deporte. La experiencia de la Escuela de Boxeo para adolescentes y j\u00f3venes de Barracas.<\/a><br \/>\n\u2022 <a title=\"Diego Armus - Forjar la raza, templar el esp\u00edritu, fortalecer el cuerpo.\" href=\"upload\/Diego_Armus_-_Forjar_la_raza_templar_el_espiritu_fortalecer_el_cuerpo._El_higienismo_en_los_origenes_de_la_recreacion_en_Argentina.pdf\" target=\"_blank\" rel=\"noopener\">Diego Armus: \u201cForjar la raza, templar el esp\u00edritu, fortalecer el cuerpo. El higienismo en los or\u00edgenes de la recreaci\u00f3n en Argentina\u201d.<\/a><br \/>\n<a title=\"Documento Diego Armus, La Ciudad Impura. \" href=\"upload\/Documento_Diego_Armus_La_Ciudad_Impura._Salud_Tuberculosis_y_Cultura_en_Buenos_Aires_1870-1950._Edhasa_2007.pdf\" target=\"_blank\" rel=\"noopener\">\u2022 Documento Diego Armus, La Ciudad Impura. Salud, Tuberculosis y Cultura en Buenos Aires, 1870-1950 (Edhasa, 2007).<\/a><br \/>\n<a title=\"Paula Golzman - El trabajo en territorio con usuarios de drogas\" href=\"upload\/Paula_Golzman_-_El_trabajo_en_territorio_con_usuarios_de_drogas.pdf\" target=\"_blank\" rel=\"noopener\">\u2022 Paula Goltzman: \u201cEl trabajo en territorio con usuarios de drogas\u201d.<\/a><br \/>\n<a title=\"Documento elaborado por Paula Goltzman\" href=\"upload\/Documento_elaborado_por_Paula_Goltzman.pdf\" target=\"_blank\" rel=\"noopener\">\u2022 Documento elaborado por Paula Goltzman: \u00abModelos de intervenci\u00f3n\u00bb.<\/a><br \/>\n<a title=\"Marcelo Urresti - La cibercultura como condici\u00f3n de subjetivaci\u00f3n y como escenario de trabajo con las nuevas generaciones\" href=\"upload\/Marcelo_Urresti_-_La_cibercultura_como_condicion_de_subjetivacion_y_como_escenario_de_trabajo_con_las_nuevas_generaciones.pdf\" target=\"_blank\" rel=\"noopener\">\u2022 Marcelo Urresti: \u201cLa cibercultura como condici\u00f3n de subjetivaci\u00f3n y como escenario de trabajo con las nuevas generaciones\u201d<\/a><br \/>\n<a title=\"Alberto Kornblihtt\" href=\"upload\/Alberto_Kornblihtt_-_Reflexiones_sobre_el_poder_de_los_genes....pdf\" target=\"_blank\" rel=\"noopener\">\u2022 Alberto Kornblihtt:\u00a0\u201cReflexiones sobre el poder de los genes: lo heredado y lo adquirido\u201d<\/a><br \/>\n<a title=\"Daniel Maidana\" href=\"upload\/Daniel_Maidana_-_Desarrollo_local....pdf\" target=\"_blank\" rel=\"noopener\"><span lang=\"ES\">\u2022 Daniel Maidana:\u00a0<\/span><span lang=\"ES\">\u201cDesarrollo local: conceptos clave, estrategias y significado pol\u00edtico\u201d<\/span><\/a><br \/>\n<a title=\"Valeria Pav\u00e1n\" href=\"upload\/Pavan_resen_a_10_junio.pdf\" target=\"_blank\" rel=\"noopener\">\u2022 Valeria Pav\u00e1n: \u00a0\u201cIdentidad de g\u00e9nero e infancias\u201d<\/a><\/p>\n<p><strong>Horario de consulta en el ISTLyR:<\/strong><br \/>\nMartes de 21 a 22:30 hs. y\u00a0mi\u00e9rcoles de 19:30 a 21:30 hs.<\/p>\n","protected":false},"excerpt":{"rendered":"<p>Profesora Debora Kantor Objetivos del Departamento de Investigaci\u00f3n Desarrollar y apoyar proyectos de investigaci\u00f3n sobre temas y problemas concernientes a los campos de actuaci\u00f3n implicados en el Instituto. Poner a disposici\u00f3n de docentes, estudiantes y graduados encuadres conceptuales y metodol\u00f3gicos, desarrollos te\u00f3ricos y resultados de diverso tipo producidos en el marco de investigaciones relevantes. Propiciar &#8230; <a title=\"Investigaci\u00f3n\" class=\"read-more\" href=\"https:\/\/istlyr-caba.infd.edu.ar\/sitio\/investigacion\/\" aria-label=\"More on Investigaci\u00f3n\">[+]<\/a><\/p>\n","protected":false},"author":19,"featured_media":0,"parent":0,"menu_order":0,"comment_status":"closed","ping_status":"closed","template":"","meta":[],"acf":[],"_links":{"self":[{"href":"https:\/\/istlyr-caba.infd.edu.ar\/sitio\/wp-json\/wp\/v2\/pages\/1439"}],"collection":[{"href":"https:\/\/istlyr-caba.infd.edu.ar\/sitio\/wp-json\/wp\/v2\/pages"}],"about":[{"href":"https:\/\/istlyr-caba.infd.edu.ar\/sitio\/wp-json\/wp\/v2\/types\/page"}],"author":[{"embeddable":true,"href":"https:\/\/istlyr-caba.infd.edu.ar\/sitio\/wp-json\/wp\/v2\/users\/19"}],"replies":[{"embeddable":true,"href":"https:\/\/istlyr-caba.infd.edu.ar\/sitio\/wp-json\/wp\/v2\/comments?post=1439"}],"version-history":[{"count":7,"href":"https:\/\/istlyr-caba.infd.edu.ar\/sitio\/wp-json\/wp\/v2\/pages\/1439\/revisions"}],"predecessor-version":[{"id":5530,"href":"https:\/\/istlyr-caba.infd.edu.ar\/sitio\/wp-json\/wp\/v2\/pages\/1439\/revisions\/5530"}],"wp:attachment":[{"href":"https:\/\/istlyr-caba.infd.edu.ar\/sitio\/wp-json\/wp\/v2\/media?parent=1439"}],"curies":[{"name":"wp","href":"https:\/\/api.w.org\/{rel}","templated":true}]}}

Investigación

<p><strong>Profesora Debora Kantor</strong></p>
<p><strong>Objetivos del Departamento de Investigación</strong></p>
<ul>
<li>Desarrollar y apoyar proyectos de investigación sobre temas y problemas concernientes a los campos de actuación implicados en el Instituto.</li>
<li>Poner a disposición de docentes, estudiantes y graduados encuadres conceptuales y metodológicos, desarrollos teóricos y resultados de diverso tipo producidos en el marco de investigaciones relevantes.</li>
<li>Propiciar y mantener vinculaciones interinstitucionales y acuerdos de cooperación en materia de investigación y difusión de conocimiento.</li>
<li>Facilitar el involucramiento de docentes, estudiantes y graduados en investigación llevadas a cabo en el ISTLyR, desde el DI y/o por grupos o instituciones con los que se establezcan acuerdos de trabajo conjunto.</li>
</ul>
<p><strong><br />
Actividades previstas para el período en curso</strong></p>
<ul>
<li>Acciones relacionadas con la difusión de los resultados de la investigación <em>“Intervenciones comunitarias con eje en el deporte. La experiencia de la Escuela de Boxeo para adolescentes y jóvenes de Barracas”.</em> Puesta en circulación de la publicación institucional “A partir del Box”.</li>
<li>Actividad de presentación e intercambio con alumnos y docentes del ISTLyR.</li>
<li>Difusión de la publicación y de la experiencia realizada en instituciones y ámbitos diversos: proyectos sociales, organismos ligados al deporte en contextos comunitarios, institutos de formación y de investigación.</li>
<li>Participación en encuentros académicos vinculados con la temática que aborda el estudio. Próximamente, en las IX Jornadas de Sociología: “Las ciencias sociales en escenarios de cambio” / G.T. N° 2: “Sociología de las infancias y juventudes en los márgenes”. Mayo de 2017.</li>
<li>Colaboración con otras Áreas y Departamentos del ISTLyR para la organización de eventos académicos en torno a investigaciones e intervenciones sobre temas y problemas relevantes para docentes, estudiantes y graduados del Instituto.</li>
<li>Difusión de investigaciones y eventos vinculados a investigaciones que resulten de interés para la formación que brinda el ISTLyR.</li>
<li>Ampliación de estrategias para la visibilización del DI en tanto espacio referencia y de consulta en materia de investigación dentro del ISTLyR.</li>
<li>Búsqueda y análisis de factibilidad y de oportunidades existentes para emprender nuevos proyectos institucionales de investigación.</li>
</ul>
<p><strong><br />
Conferencias y documentos</strong></p>
<p><a title="Intervenciones comunitarias con eje en el deporte" href="https://istlyr-caba.infd.edu.ar/sitio/wp-content/uploads/2020/12/Informe-final-Proyecto-ISTLyR-ACCLekotek.pdf">• Fortalecimiento de la trayectoria educativa de estudiantes sordes en el Nivel Superior. La experiencia del Instituto Superior de Tiempo Libre y Recreación.</a><br />
<a title="Intervenciones comunitarias con eje en el deporte" href="index.cgi?wid_news=65&amp;wAccion=news">• Intervenciones comunitarias con eje en el deporte. La experiencia de la Escuela de Boxeo para adolescentes y jóvenes de Barracas.</a><br />
• <a title="Diego Armus - Forjar la raza, templar el espíritu, fortalecer el cuerpo." href="upload/Diego_Armus_-_Forjar_la_raza_templar_el_espiritu_fortalecer_el_cuerpo._El_higienismo_en_los_origenes_de_la_recreacion_en_Argentina.pdf" target="_blank" rel="noopener">Diego Armus: “Forjar la raza, templar el espíritu, fortalecer el cuerpo. El higienismo en los orígenes de la recreación en Argentina”.</a><br />
<a title="Documento Diego Armus, La Ciudad Impura. " href="upload/Documento_Diego_Armus_La_Ciudad_Impura._Salud_Tuberculosis_y_Cultura_en_Buenos_Aires_1870-1950._Edhasa_2007.pdf" target="_blank" rel="noopener">• Documento Diego Armus, La Ciudad Impura. Salud, Tuberculosis y Cultura en Buenos Aires, 1870-1950 (Edhasa, 2007).</a><br />
<a title="Paula Golzman - El trabajo en territorio con usuarios de drogas" href="upload/Paula_Golzman_-_El_trabajo_en_territorio_con_usuarios_de_drogas.pdf" target="_blank" rel="noopener">• Paula Goltzman: “El trabajo en territorio con usuarios de drogas”.</a><br />
<a title="Documento elaborado por Paula Goltzman" href="upload/Documento_elaborado_por_Paula_Goltzman.pdf" target="_blank" rel="noopener">• Documento elaborado por Paula Goltzman: «Modelos de intervención».</a><br />
<a title="Marcelo Urresti - La cibercultura como condición de subjetivación y como escenario de trabajo con las nuevas generaciones" href="upload/Marcelo_Urresti_-_La_cibercultura_como_condicion_de_subjetivacion_y_como_escenario_de_trabajo_con_las_nuevas_generaciones.pdf" target="_blank" rel="noopener">• Marcelo Urresti: “La cibercultura como condición de subjetivación y como escenario de trabajo con las nuevas generaciones”</a><br />
<a title="Alberto Kornblihtt" href="upload/Alberto_Kornblihtt_-_Reflexiones_sobre_el_poder_de_los_genes....pdf" target="_blank" rel="noopener">• Alberto Kornblihtt: “Reflexiones sobre el poder de los genes: lo heredado y lo adquirido”</a><br />
<a title="Daniel Maidana" href="upload/Daniel_Maidana_-_Desarrollo_local....pdf" target="_blank" rel="noopener"><span lang="ES">• Daniel Maidana: </span><span lang="ES">“Desarrollo local: conceptos clave, estrategias y significado político”</span></a><br />
<a title="Valeria Paván" href="upload/Pavan_resen_a_10_junio.pdf" target="_blank" rel="noopener">• Valeria Paván:  “Identidad de género e infancias”</a></p>
<p><strong>Horario de consulta en el ISTLyR:</strong><br />
Martes de 21 a 22:30 hs. y miércoles de 19:30 a 21:30 hs.</p>

<p>Profesora Debora Kantor Objetivos del Departamento de Investigación Desarrollar y apoyar proyectos de investigación sobre temas y problemas concernientes a los campos de actuación implicados en el Instituto. Poner a disposición de docentes, estudiantes y graduados encuadres conceptuales y metodológicos, desarrollos teóricos y resultados de diverso tipo producidos en el marco de investigaciones relevantes. Propiciar &#8230; <a title="Investigación" class="read-more" href="https://istlyr-caba.infd.edu.ar/sitio/investigacion/" aria-label="More on Investigación">[+]</a></p>
