{"id":1386,"date":"2018-07-10T12:50:58","date_gmt":"2018-07-10T15:50:58","guid":{"rendered":"https:\/\/istlyr-caba.infd.edu.ar\/sitio\/?page_id=1386"},"modified":"2022-03-18T14:54:21","modified_gmt":"2022-03-18T17:54:21","slug":"graduados","status":"publish","type":"page","link":"https:\/\/istlyr-caba.infd.edu.ar\/sitio\/graduados\/","title":{"rendered":"Graduades"},"content":{"rendered":"<p><img decoding=\"async\" loading=\"lazy\" class=\"alignnone size-full wp-image-2970\" src=\"https:\/\/istlyr-caba.infd.edu.ar\/sitio\/wp-content\/uploads\/2019\/04\/graduados3.jpg\" alt=\"\" width=\"1080\" height=\"600\" srcset=\"https:\/\/istlyr-caba.infd.edu.ar\/sitio\/wp-content\/uploads\/2019\/04\/graduados3.jpg 1080w, https:\/\/istlyr-caba.infd.edu.ar\/sitio\/wp-content\/uploads\/2019\/04\/graduados3-1000x556.jpg 1000w, https:\/\/istlyr-caba.infd.edu.ar\/sitio\/wp-content\/uploads\/2019\/04\/graduados3-768x427.jpg 768w\" sizes=\"(max-width: 1080px) 100vw, 1080px\" \/><\/p>\n<p>Les Graduades constituyen uno de los tres claustros que conforman el Consejo Directivo del Instituto y por lo tanto participan activamente en las decisiones de pol\u00edtica institucional, promueven y organizan Jornadas y Encuentros de actualizaci\u00f3n, intercambio de experiencias y reflexi\u00f3n acerca de los campos profesionales de las Carreras.<\/p>\n<p><em>Para comenzar el tr\u00e1mite de tu t\u00edtulo, comunicate con Bedel\u00eda:\u00a0<\/em>bedeliaistlyr@gmail.com<\/p>\n<div dir=\"ltr\" style=\"line-height: 1.15; margin-bottom: 0pt; margin-top: 0pt; text-align: center;\">\n<p style=\"text-align: left;\"><strong>Contacto:<\/strong><\/p>\n<p style=\"text-align: left;\">En Facebook:<br \/>\n<a href=\"https:\/\/www.facebook.com\/groups\/578680192167767\/\" target=\"_blank\" rel=\"noopener\">Asamblea Permanente de Graduados del ISTLyR<\/a><\/p>\n<\/div>\n","protected":false},"excerpt":{"rendered":"<p>Les Graduades constituyen uno de los tres claustros que conforman el Consejo Directivo del Instituto y por lo tanto participan activamente en las decisiones de pol\u00edtica institucional, promueven y organizan Jornadas y Encuentros de actualizaci\u00f3n, intercambio de experiencias y reflexi\u00f3n acerca de los campos profesionales de las Carreras. Para comenzar el tr\u00e1mite de tu t\u00edtulo, &#8230; <a title=\"Graduades\" class=\"read-more\" href=\"https:\/\/istlyr-caba.infd.edu.ar\/sitio\/graduados\/\" aria-label=\"More on Graduades\">[+]<\/a><\/p>\n","protected":false},"author":19,"featured_media":0,"parent":0,"menu_order":0,"comment_status":"closed","ping_status":"closed","template":"","meta":[],"acf":[],"_links":{"self":[{"href":"https:\/\/istlyr-caba.infd.edu.ar\/sitio\/wp-json\/wp\/v2\/pages\/1386"}],"collection":[{"href":"https:\/\/istlyr-caba.infd.edu.ar\/sitio\/wp-json\/wp\/v2\/pages"}],"about":[{"href":"https:\/\/istlyr-caba.infd.edu.ar\/sitio\/wp-json\/wp\/v2\/types\/page"}],"author":[{"embeddable":true,"href":"https:\/\/istlyr-caba.infd.edu.ar\/sitio\/wp-json\/wp\/v2\/users\/19"}],"replies":[{"embeddable":true,"href":"https:\/\/istlyr-caba.infd.edu.ar\/sitio\/wp-json\/wp\/v2\/comments?post=1386"}],"version-history":[{"count":6,"href":"https:\/\/istlyr-caba.infd.edu.ar\/sitio\/wp-json\/wp\/v2\/pages\/1386\/revisions"}],"predecessor-version":[{"id":4127,"href":"https:\/\/istlyr-caba.infd.edu.ar\/sitio\/wp-json\/wp\/v2\/pages\/1386\/revisions\/4127"}],"wp:attachment":[{"href":"https:\/\/istlyr-caba.infd.edu.ar\/sitio\/wp-json\/wp\/v2\/media?parent=1386"}],"curies":[{"name":"wp","href":"https:\/\/api.w.org\/{rel}","templated":true}]}}