{"id":1375,"date":"2018-07-03T13:11:07","date_gmt":"2018-07-03T16:11:07","guid":{"rendered":"https:\/\/istlyr-caba.infd.edu.ar\/sitio\/tecnicatura-superior-en-tiempo-libre-y-recreacion\/"},"modified":"2024-06-28T12:01:34","modified_gmt":"2024-06-28T15:01:34","slug":"tecnicatura-superior-en-tiempo-libre-y-recreacion","status":"publish","type":"page","link":"https:\/\/istlyr-caba.infd.edu.ar\/sitio\/tecnicatura-superior-en-tiempo-libre-y-recreacion\/","title":{"rendered":"Tecnicatura Superior en Tiempo Libre y Recreaci\u00f3n"},"content":{"rendered":"<p><img decoding=\"async\" loading=\"lazy\" class=\"size-full wp-image-2984\" src=\"https:\/\/istlyr-caba.infd.edu.ar\/sitio\/wp-content\/uploads\/2019\/04\/recjornada_28.jpg\" alt=\"\" width=\"1080\" height=\"600\" srcset=\"https:\/\/istlyr-caba.infd.edu.ar\/sitio\/wp-content\/uploads\/2019\/04\/recjornada_28.jpg 1080w, https:\/\/istlyr-caba.infd.edu.ar\/sitio\/wp-content\/uploads\/2019\/04\/recjornada_28-1000x556.jpg 1000w, https:\/\/istlyr-caba.infd.edu.ar\/sitio\/wp-content\/uploads\/2019\/04\/recjornada_28-768x427.jpg 768w\" sizes=\"(max-width: 1080px) 100vw, 1080px\" \/><\/p>\n<p><a href=\"https:\/\/istlyr-caba.infd.edu.ar\/sitio\/plan-de-estudios\/\">&gt; Ver Plan de estudios<\/a><\/p>\n<hr \/>\n<p>El T\u00e9cnico Superior en Tiempo Libre y Recreaci\u00f3n (TLyR) es un profesional capaz de desarrollar e implementar proyectos en recreaci\u00f3n para el aprovechamiento creativo del tiempo libre en diferentes \u00e1mbitos y con distintas poblaciones y destinatarios.<\/p>\n<p><strong>Entre sus principales tareas se encuentran:<\/strong><\/p>\n<ul>\n<li>Relevar, analizar y diagnosticar problem\u00e1ticas del tiempo libre y la recreaci\u00f3n con diversos grupos humanos.<\/li>\n<li>Programar, desarrollar y evaluar propuestas, programas y proyectos creativos para el tiempo libre en diferentes \u00e1mbitos.<\/li>\n<li>Coordinar estrategias l\u00fadicas con finalidad educativa en grupos, sectores, comunidades u organizaciones.<\/li>\n<li>Utilizar una diversidad de habilidades y herramientas adecuadas para el trabajo en equipos interdisciplinarios y para el establecimiento de relaciones interpersonales.<\/li>\n<li>Desarrollar una actitud cr\u00edtica frente a las pol\u00edticas p\u00fablicas en el \u00e1rea de la recreaci\u00f3n y el tiempo libre.<\/li>\n<li>Promover el desarrollo de la creatividad, la expresi\u00f3n, el pensamiento cr\u00edtico y el disfrute a trav\u00e9s de propuestas l\u00fadicas con el objeto de favorecer la construcci\u00f3n de identidades aut\u00f3nomas.<\/li>\n<\/ul>\n<p><img decoding=\"async\" loading=\"lazy\" class=\"alignnone size-full wp-image-2985\" src=\"https:\/\/istlyr-caba.infd.edu.ar\/sitio\/wp-content\/uploads\/2019\/04\/recraecion.jpg\" alt=\"\" width=\"1080\" height=\"400\" srcset=\"https:\/\/istlyr-caba.infd.edu.ar\/sitio\/wp-content\/uploads\/2019\/04\/recraecion.jpg 1080w, https:\/\/istlyr-caba.infd.edu.ar\/sitio\/wp-content\/uploads\/2019\/04\/recraecion-1000x370.jpg 1000w, https:\/\/istlyr-caba.infd.edu.ar\/sitio\/wp-content\/uploads\/2019\/04\/recraecion-768x284.jpg 768w\" sizes=\"(max-width: 1080px) 100vw, 1080px\" \/><\/p>\n<p>Los egresados de esta Tecnicatura est\u00e1n preparados para desempe\u00f1arse en programas socioeducativos, en talleres y proyectos dentro del sistema educativo, en instituciones y organizaciones sociales y comunitarias, en programas de turismo educativo y recreaci\u00f3n, en instituciones del \u00c1rea de la Salud y de la Cultura, y en organizaciones no gubernamentales, entre otros.<\/p>\n<hr \/>\n","protected":false},"excerpt":{"rendered":"<p>&gt; Ver Plan de estudios El T\u00e9cnico Superior en Tiempo Libre y Recreaci\u00f3n (TLyR) es un profesional capaz de desarrollar e implementar proyectos en recreaci\u00f3n para el aprovechamiento creativo del tiempo libre en diferentes \u00e1mbitos y con distintas poblaciones y destinatarios. Entre sus principales tareas se encuentran: Relevar, analizar y diagnosticar problem\u00e1ticas del tiempo libre &#8230; <a title=\"Tecnicatura Superior en Tiempo Libre y Recreaci\u00f3n\" class=\"read-more\" href=\"https:\/\/istlyr-caba.infd.edu.ar\/sitio\/tecnicatura-superior-en-tiempo-libre-y-recreacion\/\" aria-label=\"More on Tecnicatura Superior en Tiempo Libre y Recreaci\u00f3n\">[+]<\/a><\/p>\n","protected":false},"author":19,"featured_media":0,"parent":0,"menu_order":0,"comment_status":"closed","ping_status":"closed","template":"","meta":[],"acf":[],"_links":{"self":[{"href":"https:\/\/istlyr-caba.infd.edu.ar\/sitio\/wp-json\/wp\/v2\/pages\/1375"}],"collection":[{"href":"https:\/\/istlyr-caba.infd.edu.ar\/sitio\/wp-json\/wp\/v2\/pages"}],"about":[{"href":"https:\/\/istlyr-caba.infd.edu.ar\/sitio\/wp-json\/wp\/v2\/types\/page"}],"author":[{"embeddable":true,"href":"https:\/\/istlyr-caba.infd.edu.ar\/sitio\/wp-json\/wp\/v2\/users\/19"}],"replies":[{"embeddable":true,"href":"https:\/\/istlyr-caba.infd.edu.ar\/sitio\/wp-json\/wp\/v2\/comments?post=1375"}],"version-history":[{"count":3,"href":"https:\/\/istlyr-caba.infd.edu.ar\/sitio\/wp-json\/wp\/v2\/pages\/1375\/revisions"}],"predecessor-version":[{"id":5980,"href":"https:\/\/istlyr-caba.infd.edu.ar\/sitio\/wp-json\/wp\/v2\/pages\/1375\/revisions\/5980"}],"wp:attachment":[{"href":"https:\/\/istlyr-caba.infd.edu.ar\/sitio\/wp-json\/wp\/v2\/media?parent=1375"}],"curies":[{"name":"wp","href":"https:\/\/api.w.org\/{rel}","templated":true}]}}